{"id":5282,"date":"2026-03-16T08:18:21","date_gmt":"2026-03-16T08:18:21","guid":{"rendered":"https:\/\/holamexicotours.com\/?page_id=5282"},"modified":"2026-04-09T19:44:40","modified_gmt":"2026-04-09T19:44:40","slug":"africam-safari-y-acuario-michin","status":"publish","type":"page","link":"https:\/\/holamexicotours.com\/index.php\/africam-safari-y-acuario-michin\/","title":{"rendered":"AFRICAM SAFARI Y ACUARIO MICHIN"},"content":{"rendered":"\n<p>Visitar&nbsp;<strong>Africam Safari<\/strong>&nbsp;se convertir\u00e1 en uno de los mejores planes que podr\u00e1s realizar en todo el a\u00f1o. Prep\u00e1rate para vivir una experiencia \u00fanica. <strong>Entra en contacto con la naturaleza, los animales y deja salir tu lado m\u00e1s salvaje.<\/strong><\/p>\n\n\n\n<p><strong>!Sum\u00e9rgete en la Magia del Oceano\u00a1<\/strong> mas 10,000 especies facinantes, <strong>&#8220;El lugar donde la aventura acuatica cobra vida&#8221;<\/strong> el Acuario Michin te espera&#8230;<\/p>\n\n\n\n<figure class=\"wp-block-image alignfull size-large\"><img loading=\"lazy\" decoding=\"async\" width=\"828\" height=\"1024\" src=\"https:\/\/holamexicotours.com\/wp-content\/uploads\/2026\/04\/IMG-20260408-WA0002-828x1024.jpg\" alt=\"\" class=\"wp-image-5321\" srcset=\"https:\/\/holamexicotours.com\/wp-content\/uploads\/2026\/04\/IMG-20260408-WA0002-828x1024.jpg 828w, https:\/\/holamexicotours.com\/wp-content\/uploads\/2026\/04\/IMG-20260408-WA0002-243x300.jpg 243w, https:\/\/holamexicotours.com\/wp-content\/uploads\/2026\/04\/IMG-20260408-WA0002-768x949.jpg 768w, https:\/\/holamexicotours.com\/wp-content\/uploads\/2026\/04\/IMG-20260408-WA0002.jpg 1084w\" sizes=\"auto, (max-width: 828px) 100vw, 828px\" \/><\/figure>\n\n\n\n<h2 class=\"wp-block-heading has-text-align-center\"><strong>ITINERARIO DEL VIAJE<\/strong><\/h2>\n\n\n\n<figure class=\"wp-block-image alignfull size-large\"><img loading=\"lazy\" decoding=\"async\" width=\"825\" height=\"1024\" src=\"https:\/\/holamexicotours.com\/wp-content\/uploads\/2026\/03\/IMG-20260315-WA0073-825x1024.jpg\" alt=\"\" class=\"wp-image-5284\" srcset=\"https:\/\/holamexicotours.com\/wp-content\/uploads\/2026\/03\/IMG-20260315-WA0073-825x1024.jpg 825w, https:\/\/holamexicotours.com\/wp-content\/uploads\/2026\/03\/IMG-20260315-WA0073-242x300.jpg 242w, https:\/\/holamexicotours.com\/wp-content\/uploads\/2026\/03\/IMG-20260315-WA0073-768x954.jpg 768w, https:\/\/holamexicotours.com\/wp-content\/uploads\/2026\/03\/IMG-20260315-WA0073.jpg 1080w\" sizes=\"auto, (max-width: 825px) 100vw, 825px\" \/><\/figure>\n\n\n\n<figure class=\"wp-block-image alignfull size-large\"><img loading=\"lazy\" decoding=\"async\" width=\"827\" height=\"1024\" src=\"https:\/\/holamexicotours.com\/wp-content\/uploads\/2026\/03\/IMG-20260315-WA0074-827x1024.jpg\" alt=\"\" class=\"wp-image-5285\" srcset=\"https:\/\/holamexicotours.com\/wp-content\/uploads\/2026\/03\/IMG-20260315-WA0074-827x1024.jpg 827w, https:\/\/holamexicotours.com\/wp-content\/uploads\/2026\/03\/IMG-20260315-WA0074-242x300.jpg 242w, https:\/\/holamexicotours.com\/wp-content\/uploads\/2026\/03\/IMG-20260315-WA0074-768x951.jpg 768w, https:\/\/holamexicotours.com\/wp-content\/uploads\/2026\/03\/IMG-20260315-WA0074.jpg 1082w\" sizes=\"auto, (max-width: 827px) 100vw, 827px\" \/><\/figure>\n\n\n\n<h2 class=\"wp-block-heading has-text-align-center\">&#8220;<strong>CONOCE MAS Y VIVE ESTA EXPERIENCIA<\/strong>&#8220;<\/h2>\n\n\n\n<p><strong>Africam Safari es un parque de conservaci\u00f3n de vida silvestre mexicano<\/strong> ubicado a 16.5 km de la ciudad de Puebla, donde los animales deambulan <strong>en libertad controlada y en cautiverio.<\/strong><\/p>\n\n\n\n<p><strong>M\u00e1s que un zool\u00f3gico,&nbsp;<em>Africam Safari<\/em>&nbsp;es una experiencia inmersiva<\/strong> que te permitir\u00e1 convivir con los animales desde un punto de <strong>amor y respeto con la naturaleza.<\/strong><\/p>\n\n\n\n<figure class=\"wp-block-image alignfull size-large\"><img loading=\"lazy\" decoding=\"async\" width=\"838\" height=\"1024\" src=\"https:\/\/holamexicotours.com\/wp-content\/uploads\/2026\/03\/IMG-20260315-WA0071-1-838x1024.jpg\" alt=\"\" class=\"wp-image-5286\" srcset=\"https:\/\/holamexicotours.com\/wp-content\/uploads\/2026\/03\/IMG-20260315-WA0071-1-838x1024.jpg 838w, https:\/\/holamexicotours.com\/wp-content\/uploads\/2026\/03\/IMG-20260315-WA0071-1-245x300.jpg 245w, https:\/\/holamexicotours.com\/wp-content\/uploads\/2026\/03\/IMG-20260315-WA0071-1-768x939.jpg 768w, https:\/\/holamexicotours.com\/wp-content\/uploads\/2026\/03\/IMG-20260315-WA0071-1.jpg 1081w\" sizes=\"auto, (max-width: 838px) 100vw, 838px\" \/><\/figure>\n\n\n\n<p><strong>\u00bfBuscas el plan diferente en puebla?<\/strong> El acuario Michin es la respuesta&#8230; enamora a grandes y chicos, <strong>un mundo submarino leno de color<\/strong> con actividades interactivas, <strong>crea recuerdos inovidables.<\/strong><\/p>\n\n\n\n<figure class=\"wp-block-video\"><video controls src=\"https:\/\/holamexicotours.com\/wp-content\/uploads\/2026\/03\/IMG_6589.mov\" playsinline><\/video><\/figure>\n\n\n\n<p><\/p>\n\n\n\n<figure class=\"wp-block-gallery alignwide has-nested-images columns-default is-cropped wp-block-gallery-1 is-layout-flex wp-block-gallery-is-layout-flex\">\n<figure class=\"wp-block-image size-large\"><img loading=\"lazy\" decoding=\"async\" width=\"1024\" height=\"1024\" data-id=\"5287\" src=\"https:\/\/holamexicotours.com\/wp-content\/uploads\/2026\/03\/FB_IMG_177360289368311-1024x1024.jpg\" alt=\"\" class=\"wp-image-5287\" srcset=\"https:\/\/holamexicotours.com\/wp-content\/uploads\/2026\/03\/FB_IMG_177360289368311-1024x1024.jpg 1024w, https:\/\/holamexicotours.com\/wp-content\/uploads\/2026\/03\/FB_IMG_177360289368311-300x300.jpg 300w, https:\/\/holamexicotours.com\/wp-content\/uploads\/2026\/03\/FB_IMG_177360289368311-150x150.jpg 150w, https:\/\/holamexicotours.com\/wp-content\/uploads\/2026\/03\/FB_IMG_177360289368311-768x768.jpg 768w, https:\/\/holamexicotours.com\/wp-content\/uploads\/2026\/03\/FB_IMG_177360289368311.jpg 1080w\" sizes=\"auto, (max-width: 1024px) 100vw, 1024px\" \/><\/figure>\n\n\n\n<figure class=\"wp-block-image size-large\"><img loading=\"lazy\" decoding=\"async\" width=\"819\" height=\"1024\" data-id=\"5288\" src=\"https:\/\/holamexicotours.com\/wp-content\/uploads\/2026\/03\/FB_IMG_1773601633133-819x1024.jpg\" alt=\"\" class=\"wp-image-5288\" srcset=\"https:\/\/holamexicotours.com\/wp-content\/uploads\/2026\/03\/FB_IMG_1773601633133-819x1024.jpg 819w, https:\/\/holamexicotours.com\/wp-content\/uploads\/2026\/03\/FB_IMG_1773601633133-240x300.jpg 240w, https:\/\/holamexicotours.com\/wp-content\/uploads\/2026\/03\/FB_IMG_1773601633133-768x960.jpg 768w, https:\/\/holamexicotours.com\/wp-content\/uploads\/2026\/03\/FB_IMG_1773601633133.jpg 1080w\" sizes=\"auto, (max-width: 819px) 100vw, 819px\" \/><\/figure>\n<\/figure>\n\n\n\n<figure class=\"wp-block-gallery alignwide has-nested-images columns-default is-cropped wp-block-gallery-2 is-layout-flex wp-block-gallery-is-layout-flex\">\n<figure class=\"wp-block-image size-large\"><img loading=\"lazy\" decoding=\"async\" width=\"1024\" height=\"842\" data-id=\"5289\" src=\"https:\/\/holamexicotours.com\/wp-content\/uploads\/2026\/03\/FB_IMG_1773603783315-1024x842.jpg\" alt=\"\" class=\"wp-image-5289\" srcset=\"https:\/\/holamexicotours.com\/wp-content\/uploads\/2026\/03\/FB_IMG_1773603783315-1024x842.jpg 1024w, https:\/\/holamexicotours.com\/wp-content\/uploads\/2026\/03\/FB_IMG_1773603783315-300x247.jpg 300w, https:\/\/holamexicotours.com\/wp-content\/uploads\/2026\/03\/FB_IMG_1773603783315-768x631.jpg 768w, https:\/\/holamexicotours.com\/wp-content\/uploads\/2026\/03\/FB_IMG_1773603783315.jpg 1080w\" sizes=\"auto, (max-width: 1024px) 100vw, 1024px\" \/><\/figure>\n\n\n\n<figure class=\"wp-block-image size-large\"><img loading=\"lazy\" decoding=\"async\" width=\"819\" height=\"1024\" data-id=\"5290\" src=\"https:\/\/holamexicotours.com\/wp-content\/uploads\/2026\/03\/FB_IMG_1773601407022-819x1024.jpg\" alt=\"\" class=\"wp-image-5290\" srcset=\"https:\/\/holamexicotours.com\/wp-content\/uploads\/2026\/03\/FB_IMG_1773601407022-819x1024.jpg 819w, https:\/\/holamexicotours.com\/wp-content\/uploads\/2026\/03\/FB_IMG_1773601407022-240x300.jpg 240w, https:\/\/holamexicotours.com\/wp-content\/uploads\/2026\/03\/FB_IMG_1773601407022-768x960.jpg 768w, https:\/\/holamexicotours.com\/wp-content\/uploads\/2026\/03\/FB_IMG_1773601407022.jpg 1152w\" sizes=\"auto, (max-width: 819px) 100vw, 819px\" \/><\/figure>\n<\/figure>\n\n\n\n<figure class=\"wp-block-image alignfull size-full\"><a href=\"https:\/\/holamexicotours.com\/index.php\/reserva-tu-viaje-con-la-agencia-de-viaje-de-tu-preferencia\/\"><img loading=\"lazy\" decoding=\"async\" width=\"687\" height=\"367\" src=\"https:\/\/holamexicotours.com\/wp-content\/uploads\/2024\/08\/RESERVA-TU-VIAJE-AQUI.jpg\" alt=\"\" class=\"wp-image-1942\"\/><\/a><\/figure>\n","protected":false},"excerpt":{"rendered":"<p>Visitar&nbsp;Africam Safari&nbsp;se convertir\u00e1 en uno de los mejores planes que podr\u00e1s realizar en todo el a\u00f1o. Prep\u00e1rate para vivir una experiencia \u00fanica. Entra en contacto con la naturaleza, los animales&hellip; <\/p>\n","protected":false},"author":2,"featured_media":5289,"parent":0,"menu_order":0,"comment_status":"closed","ping_status":"closed","template":"","meta":{"footnotes":""},"class_list":["post-5282","page","type-page","status-publish","has-post-thumbnail","hentry"],"yoast_head":"<!-- This site is optimized with the Yoast SEO plugin v23.3 - https:\/\/yoast.com\/wordpress\/plugins\/seo\/ -->\n<title>AFRICAM SAFARI Y ACUARIO MICHIN - HOLA MEXICO TOURS<\/title>\n<meta name=\"robots\" content=\"index, follow, max-snippet:-1, max-image-preview:large, max-video-preview:-1\" \/>\n<link rel=\"canonical\" href=\"https:\/\/holamexicotours.com\/index.php\/africam-safari-y-acuario-michin\/\" \/>\n<meta property=\"og:locale\" content=\"es_MX\" \/>\n<meta property=\"og:type\" content=\"article\" \/>\n<meta property=\"og:title\" content=\"AFRICAM SAFARI Y ACUARIO MICHIN - HOLA MEXICO TOURS\" \/>\n<meta property=\"og:description\" content=\"Visitar&nbsp;Africam Safari&nbsp;se convertir\u00e1 en uno de los mejores planes que podr\u00e1s realizar en todo el a\u00f1o. Prep\u00e1rate para vivir una experiencia \u00fanica. Entra en contacto con la naturaleza, los animales&hellip;\" \/>\n<meta property=\"og:url\" content=\"https:\/\/holamexicotours.com\/index.php\/africam-safari-y-acuario-michin\/\" \/>\n<meta property=\"og:site_name\" content=\"HOLA MEXICO TOURS\" \/>\n<meta property=\"article:modified_time\" content=\"2026-04-09T19:44:40+00:00\" \/>\n<meta property=\"og:image\" content=\"https:\/\/holamexicotours.com\/wp-content\/uploads\/2026\/03\/FB_IMG_1773603783315.jpg\" \/>\n\t<meta property=\"og:image:width\" content=\"1080\" \/>\n\t<meta property=\"og:image:height\" content=\"888\" \/>\n\t<meta property=\"og:image:type\" content=\"image\/jpeg\" \/>\n<meta name=\"twitter:card\" content=\"summary_large_image\" \/>\n<meta name=\"twitter:label1\" content=\"Tiempo de lectura\" \/>\n\t<meta name=\"twitter:data1\" content=\"3 minutos\" \/>\n<script type=\"application\/ld+json\" class=\"yoast-schema-graph\">{\"@context\":\"https:\/\/schema.org\",\"@graph\":[{\"@type\":\"WebPage\",\"@id\":\"https:\/\/holamexicotours.com\/index.php\/africam-safari-y-acuario-michin\/\",\"url\":\"https:\/\/holamexicotours.com\/index.php\/africam-safari-y-acuario-michin\/\",\"name\":\"AFRICAM SAFARI Y ACUARIO MICHIN - HOLA MEXICO TOURS\",\"isPartOf\":{\"@id\":\"https:\/\/holamexicotours.com\/#website\"},\"primaryImageOfPage\":{\"@id\":\"https:\/\/holamexicotours.com\/index.php\/africam-safari-y-acuario-michin\/#primaryimage\"},\"image\":{\"@id\":\"https:\/\/holamexicotours.com\/index.php\/africam-safari-y-acuario-michin\/#primaryimage\"},\"thumbnailUrl\":\"https:\/\/holamexicotours.com\/wp-content\/uploads\/2026\/03\/FB_IMG_1773603783315.jpg\",\"datePublished\":\"2026-03-16T08:18:21+00:00\",\"dateModified\":\"2026-04-09T19:44:40+00:00\",\"breadcrumb\":{\"@id\":\"https:\/\/holamexicotours.com\/index.php\/africam-safari-y-acuario-michin\/#breadcrumb\"},\"inLanguage\":\"es\",\"potentialAction\":[{\"@type\":\"ReadAction\",\"target\":[\"https:\/\/holamexicotours.com\/index.php\/africam-safari-y-acuario-michin\/\"]}]},{\"@type\":\"ImageObject\",\"inLanguage\":\"es\",\"@id\":\"https:\/\/holamexicotours.com\/index.php\/africam-safari-y-acuario-michin\/#primaryimage\",\"url\":\"https:\/\/holamexicotours.com\/wp-content\/uploads\/2026\/03\/FB_IMG_1773603783315.jpg\",\"contentUrl\":\"https:\/\/holamexicotours.com\/wp-content\/uploads\/2026\/03\/FB_IMG_1773603783315.jpg\",\"width\":1080,\"height\":888},{\"@type\":\"BreadcrumbList\",\"@id\":\"https:\/\/holamexicotours.com\/index.php\/africam-safari-y-acuario-michin\/#breadcrumb\",\"itemListElement\":[{\"@type\":\"ListItem\",\"position\":1,\"name\":\"Home\",\"item\":\"https:\/\/holamexicotours.com\/\"},{\"@type\":\"ListItem\",\"position\":2,\"name\":\"AFRICAM SAFARI Y ACUARIO MICHIN\"}]},{\"@type\":\"WebSite\",\"@id\":\"https:\/\/holamexicotours.com\/#website\",\"url\":\"https:\/\/holamexicotours.com\/\",\"name\":\"https:\/\/holamexicotours.com\/\",\"description\":\"A trav\u00e9z de tus ojos, VIVE M\u00c9XICO.\",\"publisher\":{\"@id\":\"https:\/\/holamexicotours.com\/#\/schema\/person\/03a3eec8d68d2f43733875f848656cc2\"},\"potentialAction\":[{\"@type\":\"SearchAction\",\"target\":{\"@type\":\"EntryPoint\",\"urlTemplate\":\"https:\/\/holamexicotours.com\/?s={search_term_string}\"},\"query-input\":\"required name=search_term_string\"}],\"inLanguage\":\"es\"},{\"@type\":[\"Person\",\"Organization\"],\"@id\":\"https:\/\/holamexicotours.com\/#\/schema\/person\/03a3eec8d68d2f43733875f848656cc2\",\"name\":\"holamexicotours\",\"image\":{\"@type\":\"ImageObject\",\"inLanguage\":\"es\",\"@id\":\"https:\/\/holamexicotours.com\/#\/schema\/person\/image\/\",\"url\":\"https:\/\/holamexicotours.com\/wp-content\/uploads\/2025\/04\/cropped-LOGO-FINAL.png\",\"contentUrl\":\"https:\/\/holamexicotours.com\/wp-content\/uploads\/2025\/04\/cropped-LOGO-FINAL.png\",\"width\":1182,\"height\":778,\"caption\":\"holamexicotours\"},\"logo\":{\"@id\":\"https:\/\/holamexicotours.com\/#\/schema\/person\/image\/\"}}]}<\/script>\n<!-- \/ Yoast SEO plugin. -->","yoast_head_json":{"title":"AFRICAM SAFARI Y ACUARIO MICHIN - HOLA MEXICO TOURS","robots":{"index":"index","follow":"follow","max-snippet":"max-snippet:-1","max-image-preview":"max-image-preview:large","max-video-preview":"max-video-preview:-1"},"canonical":"https:\/\/holamexicotours.com\/index.php\/africam-safari-y-acuario-michin\/","og_locale":"es_MX","og_type":"article","og_title":"AFRICAM SAFARI Y ACUARIO MICHIN - HOLA MEXICO TOURS","og_description":"Visitar&nbsp;Africam Safari&nbsp;se convertir\u00e1 en uno de los mejores planes que podr\u00e1s realizar en todo el a\u00f1o. Prep\u00e1rate para vivir una experiencia \u00fanica. Entra en contacto con la naturaleza, los animales&hellip;","og_url":"https:\/\/holamexicotours.com\/index.php\/africam-safari-y-acuario-michin\/","og_site_name":"HOLA MEXICO TOURS","article_modified_time":"2026-04-09T19:44:40+00:00","og_image":[{"width":1080,"height":888,"url":"https:\/\/holamexicotours.com\/wp-content\/uploads\/2026\/03\/FB_IMG_1773603783315.jpg","type":"image\/jpeg"}],"twitter_card":"summary_large_image","twitter_misc":{"Tiempo de lectura":"3 minutos"},"schema":{"@context":"https:\/\/schema.org","@graph":[{"@type":"WebPage","@id":"https:\/\/holamexicotours.com\/index.php\/africam-safari-y-acuario-michin\/","url":"https:\/\/holamexicotours.com\/index.php\/africam-safari-y-acuario-michin\/","name":"AFRICAM SAFARI Y ACUARIO MICHIN - HOLA MEXICO TOURS","isPartOf":{"@id":"https:\/\/holamexicotours.com\/#website"},"primaryImageOfPage":{"@id":"https:\/\/holamexicotours.com\/index.php\/africam-safari-y-acuario-michin\/#primaryimage"},"image":{"@id":"https:\/\/holamexicotours.com\/index.php\/africam-safari-y-acuario-michin\/#primaryimage"},"thumbnailUrl":"https:\/\/holamexicotours.com\/wp-content\/uploads\/2026\/03\/FB_IMG_1773603783315.jpg","datePublished":"2026-03-16T08:18:21+00:00","dateModified":"2026-04-09T19:44:40+00:00","breadcrumb":{"@id":"https:\/\/holamexicotours.com\/index.php\/africam-safari-y-acuario-michin\/#breadcrumb"},"inLanguage":"es","potentialAction":[{"@type":"ReadAction","target":["https:\/\/holamexicotours.com\/index.php\/africam-safari-y-acuario-michin\/"]}]},{"@type":"ImageObject","inLanguage":"es","@id":"https:\/\/holamexicotours.com\/index.php\/africam-safari-y-acuario-michin\/#primaryimage","url":"https:\/\/holamexicotours.com\/wp-content\/uploads\/2026\/03\/FB_IMG_1773603783315.jpg","contentUrl":"https:\/\/holamexicotours.com\/wp-content\/uploads\/2026\/03\/FB_IMG_1773603783315.jpg","width":1080,"height":888},{"@type":"BreadcrumbList","@id":"https:\/\/holamexicotours.com\/index.php\/africam-safari-y-acuario-michin\/#breadcrumb","itemListElement":[{"@type":"ListItem","position":1,"name":"Home","item":"https:\/\/holamexicotours.com\/"},{"@type":"ListItem","position":2,"name":"AFRICAM SAFARI Y ACUARIO MICHIN"}]},{"@type":"WebSite","@id":"https:\/\/holamexicotours.com\/#website","url":"https:\/\/holamexicotours.com\/","name":"https:\/\/holamexicotours.com\/","description":"A trav\u00e9z de tus ojos, VIVE M\u00c9XICO.","publisher":{"@id":"https:\/\/holamexicotours.com\/#\/schema\/person\/03a3eec8d68d2f43733875f848656cc2"},"potentialAction":[{"@type":"SearchAction","target":{"@type":"EntryPoint","urlTemplate":"https:\/\/holamexicotours.com\/?s={search_term_string}"},"query-input":"required name=search_term_string"}],"inLanguage":"es"},{"@type":["Person","Organization"],"@id":"https:\/\/holamexicotours.com\/#\/schema\/person\/03a3eec8d68d2f43733875f848656cc2","name":"holamexicotours","image":{"@type":"ImageObject","inLanguage":"es","@id":"https:\/\/holamexicotours.com\/#\/schema\/person\/image\/","url":"https:\/\/holamexicotours.com\/wp-content\/uploads\/2025\/04\/cropped-LOGO-FINAL.png","contentUrl":"https:\/\/holamexicotours.com\/wp-content\/uploads\/2025\/04\/cropped-LOGO-FINAL.png","width":1182,"height":778,"caption":"holamexicotours"},"logo":{"@id":"https:\/\/holamexicotours.com\/#\/schema\/person\/image\/"}}]}},"_links":{"self":[{"href":"https:\/\/holamexicotours.com\/index.php\/wp-json\/wp\/v2\/pages\/5282","targetHints":{"allow":["GET"]}}],"collection":[{"href":"https:\/\/holamexicotours.com\/index.php\/wp-json\/wp\/v2\/pages"}],"about":[{"href":"https:\/\/holamexicotours.com\/index.php\/wp-json\/wp\/v2\/types\/page"}],"author":[{"embeddable":true,"href":"https:\/\/holamexicotours.com\/index.php\/wp-json\/wp\/v2\/users\/2"}],"replies":[{"embeddable":true,"href":"https:\/\/holamexicotours.com\/index.php\/wp-json\/wp\/v2\/comments?post=5282"}],"version-history":[{"count":3,"href":"https:\/\/holamexicotours.com\/index.php\/wp-json\/wp\/v2\/pages\/5282\/revisions"}],"predecessor-version":[{"id":5322,"href":"https:\/\/holamexicotours.com\/index.php\/wp-json\/wp\/v2\/pages\/5282\/revisions\/5322"}],"wp:featuredmedia":[{"embeddable":true,"href":"https:\/\/holamexicotours.com\/index.php\/wp-json\/wp\/v2\/media\/5289"}],"wp:attachment":[{"href":"https:\/\/holamexicotours.com\/index.php\/wp-json\/wp\/v2\/media?parent=5282"}],"curies":[{"name":"wp","href":"https:\/\/api.w.org\/{rel}","templated":true}]}}