{"id":2551,"date":"2025-02-26T03:05:18","date_gmt":"2025-02-26T03:05:18","guid":{"rendered":"https:\/\/holamexicotours.com\/?page_id=2551"},"modified":"2025-02-26T03:17:58","modified_gmt":"2025-02-26T03:17:58","slug":"el-geiser-tour","status":"publish","type":"page","link":"https:\/\/holamexicotours.com\/index.php\/el-geiser-tour\/","title":{"rendered":"EL GEISER TOUR"},"content":{"rendered":"\n<figure class=\"wp-block-image alignfull size-large\"><img loading=\"lazy\" decoding=\"async\" width=\"540\" height=\"1024\" src=\"https:\/\/holamexicotours.com\/wp-content\/uploads\/2025\/02\/EL-GEISER-INFORMACION-540x1024.jpg\" alt=\"\" class=\"wp-image-2554\" srcset=\"https:\/\/holamexicotours.com\/wp-content\/uploads\/2025\/02\/EL-GEISER-INFORMACION-540x1024.jpg 540w, https:\/\/holamexicotours.com\/wp-content\/uploads\/2025\/02\/EL-GEISER-INFORMACION-158x300.jpg 158w, https:\/\/holamexicotours.com\/wp-content\/uploads\/2025\/02\/EL-GEISER-INFORMACION.jpg 670w\" sizes=\"auto, (max-width: 540px) 100vw, 540px\" \/><\/figure>\n\n\n\n<p><strong>El Geiser es un respiradero del volc\u00e1n que hizo erupci\u00f3n hace cientos de miles de a\u00f1os, y que su cr\u00e1ter est\u00e1 ubicado en el Cerro del Hualt\u00e9pec, en el Estado de Hidalgo, y es considerado uno de los m\u00e1s grandes de Latinoam\u00e9rica.<\/strong><\/p>\n\n\n\n<figure class=\"wp-block-image alignfull size-full\"><img decoding=\"async\" src=\"https:\/\/edukatours.com\/wp-content\/uploads\/2025\/02\/FB_IMG_1740522214014.jpg\" alt=\"\" class=\"wp-image-5163\"\/><\/figure>\n\n\n\n<p><strong>Este Balneario El Geiser Spa te ofrece albercas infantiles, familiares, chapoteaderos, pozas de hidromasaje, pozas techadas,<br>construidas en el cerro entre rocas y biznagas de cientos de a\u00f1os, tematizadas con puentes colgantes, miradores, y palapas<br>de palma. Lugar perfecto si buscas desconectarte de todo, recargar energ\u00eda, relajarte y olvidarte del estr\u00e9s.<\/strong><\/p>\n\n\n\n<figure class=\"wp-block-image alignfull size-full\"><img decoding=\"async\" src=\"https:\/\/edukatours.com\/wp-content\/uploads\/2025\/02\/FB_IMG_1740522286226-1.jpg\" alt=\"\" class=\"wp-image-5165\"\/><\/figure>\n\n\n\n<p><strong>Es todo un espect\u00e1culo la impresionante columna de \u200bvapor que se escapa en medio de los cerros y que llega \u200bhasta 40 metros de altura, \u200balimentando as\u00ed, a todas lasalbercas con sus aguas \u200bhipertermales que emanan delsubsuelo de este \u200brespiradero volc\u00e1nico.<\/strong><\/p>\n\n\n\n<figure class=\"wp-block-image alignfull size-full\"><img decoding=\"async\" src=\"https:\/\/edukatours.com\/wp-content\/uploads\/2025\/02\/images-5.jpeg\" alt=\"\" class=\"wp-image-5166\"\/><\/figure>\n\n\n\n<p><strong>En este Geiser Natural podr\u00e1s disfrutar pozas y vapor natural que contiene minerales con valor terap\u00e9utico.<\/strong><\/p>\n\n\n\n<figure class=\"wp-block-image alignfull size-large\"><img decoding=\"async\" src=\"https:\/\/edukatours.com\/wp-content\/uploads\/2025\/02\/FB_IMG_1740527113751-1024x1024.jpg\" alt=\"\" class=\"wp-image-5167\"\/><\/figure>\n\n\n\n<p><strong>En el a\u00f1o 1956 inicia la construcci\u00f3n de una Geot\u00e9rmica, misma que no alcanzo los objetivos planteados y fue desmantelada y donada a los ejidatarios de Uxdejhe, y a partir de ah\u00ed inicia el proyecto del BALNEARIO EL GEISER-SPA, ubicado en Tecozautla, Estado de Hidalgo, con agua hipertermal de 95\u00b0C, alcanzando la columna de vapor hasta 40 metros de altura, todo un espect\u00e1culo natural que no te puedes perder.<\/strong><\/p>\n\n\n\n<figure class=\"wp-block-image alignfull size-large\"><img decoding=\"async\" src=\"https:\/\/edukatours.com\/wp-content\/uploads\/2025\/02\/FB_IMG_1740527113751-1-1024x1024.jpg\" alt=\"\" class=\"wp-image-5168\"\/><\/figure>\n\n\n\n<p><strong><em>\u00a1Ven y disfruta de su vapor natural!<\/em><\/strong><\/p>\n\n\n\n<figure class=\"wp-block-image alignfull size-full\"><img loading=\"lazy\" decoding=\"async\" width=\"714\" height=\"718\" src=\"https:\/\/holamexicotours.com\/wp-content\/uploads\/2025\/02\/EL-GEISER-PUBLICIDAD.jpg\" alt=\"\" class=\"wp-image-2556\" srcset=\"https:\/\/holamexicotours.com\/wp-content\/uploads\/2025\/02\/EL-GEISER-PUBLICIDAD.jpg 714w, https:\/\/holamexicotours.com\/wp-content\/uploads\/2025\/02\/EL-GEISER-PUBLICIDAD-298x300.jpg 298w, https:\/\/holamexicotours.com\/wp-content\/uploads\/2025\/02\/EL-GEISER-PUBLICIDAD-150x150.jpg 150w\" sizes=\"auto, (max-width: 714px) 100vw, 714px\" \/><\/figure>\n\n\n\n<figure class=\"wp-block-image alignfull size-full\"><a href=\"https:\/\/holamexicotours.com\/index.php\/reserva-tu-viaje-con-la-agencia-de-viaje-de-tu-preferencia\/\"><img loading=\"lazy\" decoding=\"async\" width=\"687\" height=\"367\" src=\"https:\/\/holamexicotours.com\/wp-content\/uploads\/2024\/08\/RESERVA-TU-VIAJE-AQUI.jpg\" alt=\"\" class=\"wp-image-1942\"\/><\/a><\/figure>\n","protected":false},"excerpt":{"rendered":"<p>El Geiser es un respiradero del volc\u00e1n que hizo erupci\u00f3n hace cientos de miles de a\u00f1os, y que su cr\u00e1ter est\u00e1 ubicado en el Cerro del Hualt\u00e9pec, en el Estado&hellip; <\/p>\n","protected":false},"author":2,"featured_media":2556,"parent":0,"menu_order":0,"comment_status":"closed","ping_status":"closed","template":"","meta":{"footnotes":""},"class_list":["post-2551","page","type-page","status-publish","has-post-thumbnail","hentry"],"yoast_head":"<!-- This site is optimized with the Yoast SEO plugin v23.3 - https:\/\/yoast.com\/wordpress\/plugins\/seo\/ -->\n<title>EL GEISER TOUR - HOLA MEXICO TOURS<\/title>\n<meta name=\"robots\" content=\"index, follow, max-snippet:-1, max-image-preview:large, max-video-preview:-1\" \/>\n<link rel=\"canonical\" href=\"https:\/\/holamexicotours.com\/index.php\/el-geiser-tour\/\" \/>\n<meta property=\"og:locale\" content=\"es_MX\" \/>\n<meta property=\"og:type\" content=\"article\" \/>\n<meta property=\"og:title\" content=\"EL GEISER TOUR - HOLA MEXICO TOURS\" \/>\n<meta property=\"og:description\" content=\"El Geiser es un respiradero del volc\u00e1n que hizo erupci\u00f3n hace cientos de miles de a\u00f1os, y que su cr\u00e1ter est\u00e1 ubicado en el Cerro del Hualt\u00e9pec, en el Estado&hellip;\" \/>\n<meta property=\"og:url\" content=\"https:\/\/holamexicotours.com\/index.php\/el-geiser-tour\/\" \/>\n<meta property=\"og:site_name\" content=\"HOLA MEXICO TOURS\" \/>\n<meta property=\"article:modified_time\" content=\"2025-02-26T03:17:58+00:00\" \/>\n<meta property=\"og:image\" content=\"https:\/\/holamexicotours.com\/wp-content\/uploads\/2025\/02\/EL-GEISER-PUBLICIDAD.jpg\" \/>\n\t<meta property=\"og:image:width\" content=\"714\" \/>\n\t<meta property=\"og:image:height\" content=\"718\" \/>\n\t<meta property=\"og:image:type\" content=\"image\/jpeg\" \/>\n<meta name=\"twitter:card\" content=\"summary_large_image\" \/>\n<meta name=\"twitter:label1\" content=\"Tiempo de lectura\" \/>\n\t<meta name=\"twitter:data1\" content=\"3 minutos\" \/>\n<script type=\"application\/ld+json\" class=\"yoast-schema-graph\">{\"@context\":\"https:\/\/schema.org\",\"@graph\":[{\"@type\":\"WebPage\",\"@id\":\"https:\/\/holamexicotours.com\/index.php\/el-geiser-tour\/\",\"url\":\"https:\/\/holamexicotours.com\/index.php\/el-geiser-tour\/\",\"name\":\"EL GEISER TOUR - HOLA MEXICO TOURS\",\"isPartOf\":{\"@id\":\"https:\/\/holamexicotours.com\/#website\"},\"primaryImageOfPage\":{\"@id\":\"https:\/\/holamexicotours.com\/index.php\/el-geiser-tour\/#primaryimage\"},\"image\":{\"@id\":\"https:\/\/holamexicotours.com\/index.php\/el-geiser-tour\/#primaryimage\"},\"thumbnailUrl\":\"https:\/\/holamexicotours.com\/wp-content\/uploads\/2025\/02\/EL-GEISER-PUBLICIDAD.jpg\",\"datePublished\":\"2025-02-26T03:05:18+00:00\",\"dateModified\":\"2025-02-26T03:17:58+00:00\",\"breadcrumb\":{\"@id\":\"https:\/\/holamexicotours.com\/index.php\/el-geiser-tour\/#breadcrumb\"},\"inLanguage\":\"es\",\"potentialAction\":[{\"@type\":\"ReadAction\",\"target\":[\"https:\/\/holamexicotours.com\/index.php\/el-geiser-tour\/\"]}]},{\"@type\":\"ImageObject\",\"inLanguage\":\"es\",\"@id\":\"https:\/\/holamexicotours.com\/index.php\/el-geiser-tour\/#primaryimage\",\"url\":\"https:\/\/holamexicotours.com\/wp-content\/uploads\/2025\/02\/EL-GEISER-PUBLICIDAD.jpg\",\"contentUrl\":\"https:\/\/holamexicotours.com\/wp-content\/uploads\/2025\/02\/EL-GEISER-PUBLICIDAD.jpg\",\"width\":714,\"height\":718},{\"@type\":\"BreadcrumbList\",\"@id\":\"https:\/\/holamexicotours.com\/index.php\/el-geiser-tour\/#breadcrumb\",\"itemListElement\":[{\"@type\":\"ListItem\",\"position\":1,\"name\":\"Home\",\"item\":\"https:\/\/holamexicotours.com\/\"},{\"@type\":\"ListItem\",\"position\":2,\"name\":\"EL GEISER TOUR\"}]},{\"@type\":\"WebSite\",\"@id\":\"https:\/\/holamexicotours.com\/#website\",\"url\":\"https:\/\/holamexicotours.com\/\",\"name\":\"https:\/\/holamexicotours.com\/\",\"description\":\"A trav\u00e9z de tus ojos, VIVE M\u00c9XICO.\",\"publisher\":{\"@id\":\"https:\/\/holamexicotours.com\/#\/schema\/person\/03a3eec8d68d2f43733875f848656cc2\"},\"potentialAction\":[{\"@type\":\"SearchAction\",\"target\":{\"@type\":\"EntryPoint\",\"urlTemplate\":\"https:\/\/holamexicotours.com\/?s={search_term_string}\"},\"query-input\":\"required name=search_term_string\"}],\"inLanguage\":\"es\"},{\"@type\":[\"Person\",\"Organization\"],\"@id\":\"https:\/\/holamexicotours.com\/#\/schema\/person\/03a3eec8d68d2f43733875f848656cc2\",\"name\":\"holamexicotours\",\"image\":{\"@type\":\"ImageObject\",\"inLanguage\":\"es\",\"@id\":\"https:\/\/holamexicotours.com\/#\/schema\/person\/image\/\",\"url\":\"https:\/\/holamexicotours.com\/wp-content\/uploads\/2025\/04\/cropped-LOGO-FINAL.png\",\"contentUrl\":\"https:\/\/holamexicotours.com\/wp-content\/uploads\/2025\/04\/cropped-LOGO-FINAL.png\",\"width\":1182,\"height\":778,\"caption\":\"holamexicotours\"},\"logo\":{\"@id\":\"https:\/\/holamexicotours.com\/#\/schema\/person\/image\/\"}}]}<\/script>\n<!-- \/ Yoast SEO plugin. -->","yoast_head_json":{"title":"EL GEISER TOUR - HOLA MEXICO TOURS","robots":{"index":"index","follow":"follow","max-snippet":"max-snippet:-1","max-image-preview":"max-image-preview:large","max-video-preview":"max-video-preview:-1"},"canonical":"https:\/\/holamexicotours.com\/index.php\/el-geiser-tour\/","og_locale":"es_MX","og_type":"article","og_title":"EL GEISER TOUR - HOLA MEXICO TOURS","og_description":"El Geiser es un respiradero del volc\u00e1n que hizo erupci\u00f3n hace cientos de miles de a\u00f1os, y que su cr\u00e1ter est\u00e1 ubicado en el Cerro del Hualt\u00e9pec, en el Estado&hellip;","og_url":"https:\/\/holamexicotours.com\/index.php\/el-geiser-tour\/","og_site_name":"HOLA MEXICO TOURS","article_modified_time":"2025-02-26T03:17:58+00:00","og_image":[{"width":714,"height":718,"url":"https:\/\/holamexicotours.com\/wp-content\/uploads\/2025\/02\/EL-GEISER-PUBLICIDAD.jpg","type":"image\/jpeg"}],"twitter_card":"summary_large_image","twitter_misc":{"Tiempo de lectura":"3 minutos"},"schema":{"@context":"https:\/\/schema.org","@graph":[{"@type":"WebPage","@id":"https:\/\/holamexicotours.com\/index.php\/el-geiser-tour\/","url":"https:\/\/holamexicotours.com\/index.php\/el-geiser-tour\/","name":"EL GEISER TOUR - HOLA MEXICO TOURS","isPartOf":{"@id":"https:\/\/holamexicotours.com\/#website"},"primaryImageOfPage":{"@id":"https:\/\/holamexicotours.com\/index.php\/el-geiser-tour\/#primaryimage"},"image":{"@id":"https:\/\/holamexicotours.com\/index.php\/el-geiser-tour\/#primaryimage"},"thumbnailUrl":"https:\/\/holamexicotours.com\/wp-content\/uploads\/2025\/02\/EL-GEISER-PUBLICIDAD.jpg","datePublished":"2025-02-26T03:05:18+00:00","dateModified":"2025-02-26T03:17:58+00:00","breadcrumb":{"@id":"https:\/\/holamexicotours.com\/index.php\/el-geiser-tour\/#breadcrumb"},"inLanguage":"es","potentialAction":[{"@type":"ReadAction","target":["https:\/\/holamexicotours.com\/index.php\/el-geiser-tour\/"]}]},{"@type":"ImageObject","inLanguage":"es","@id":"https:\/\/holamexicotours.com\/index.php\/el-geiser-tour\/#primaryimage","url":"https:\/\/holamexicotours.com\/wp-content\/uploads\/2025\/02\/EL-GEISER-PUBLICIDAD.jpg","contentUrl":"https:\/\/holamexicotours.com\/wp-content\/uploads\/2025\/02\/EL-GEISER-PUBLICIDAD.jpg","width":714,"height":718},{"@type":"BreadcrumbList","@id":"https:\/\/holamexicotours.com\/index.php\/el-geiser-tour\/#breadcrumb","itemListElement":[{"@type":"ListItem","position":1,"name":"Home","item":"https:\/\/holamexicotours.com\/"},{"@type":"ListItem","position":2,"name":"EL GEISER TOUR"}]},{"@type":"WebSite","@id":"https:\/\/holamexicotours.com\/#website","url":"https:\/\/holamexicotours.com\/","name":"https:\/\/holamexicotours.com\/","description":"A trav\u00e9z de tus ojos, VIVE M\u00c9XICO.","publisher":{"@id":"https:\/\/holamexicotours.com\/#\/schema\/person\/03a3eec8d68d2f43733875f848656cc2"},"potentialAction":[{"@type":"SearchAction","target":{"@type":"EntryPoint","urlTemplate":"https:\/\/holamexicotours.com\/?s={search_term_string}"},"query-input":"required name=search_term_string"}],"inLanguage":"es"},{"@type":["Person","Organization"],"@id":"https:\/\/holamexicotours.com\/#\/schema\/person\/03a3eec8d68d2f43733875f848656cc2","name":"holamexicotours","image":{"@type":"ImageObject","inLanguage":"es","@id":"https:\/\/holamexicotours.com\/#\/schema\/person\/image\/","url":"https:\/\/holamexicotours.com\/wp-content\/uploads\/2025\/04\/cropped-LOGO-FINAL.png","contentUrl":"https:\/\/holamexicotours.com\/wp-content\/uploads\/2025\/04\/cropped-LOGO-FINAL.png","width":1182,"height":778,"caption":"holamexicotours"},"logo":{"@id":"https:\/\/holamexicotours.com\/#\/schema\/person\/image\/"}}]}},"_links":{"self":[{"href":"https:\/\/holamexicotours.com\/index.php\/wp-json\/wp\/v2\/pages\/2551","targetHints":{"allow":["GET"]}}],"collection":[{"href":"https:\/\/holamexicotours.com\/index.php\/wp-json\/wp\/v2\/pages"}],"about":[{"href":"https:\/\/holamexicotours.com\/index.php\/wp-json\/wp\/v2\/types\/page"}],"author":[{"embeddable":true,"href":"https:\/\/holamexicotours.com\/index.php\/wp-json\/wp\/v2\/users\/2"}],"replies":[{"embeddable":true,"href":"https:\/\/holamexicotours.com\/index.php\/wp-json\/wp\/v2\/comments?post=2551"}],"version-history":[{"count":4,"href":"https:\/\/holamexicotours.com\/index.php\/wp-json\/wp\/v2\/pages\/2551\/revisions"}],"predecessor-version":[{"id":4068,"href":"https:\/\/holamexicotours.com\/index.php\/wp-json\/wp\/v2\/pages\/2551\/revisions\/4068"}],"wp:featuredmedia":[{"embeddable":true,"href":"https:\/\/holamexicotours.com\/index.php\/wp-json\/wp\/v2\/media\/2556"}],"wp:attachment":[{"href":"https:\/\/holamexicotours.com\/index.php\/wp-json\/wp\/v2\/media?parent=2551"}],"curies":[{"name":"wp","href":"https:\/\/api.w.org\/{rel}","templated":true}]}}