{"id":2373,"date":"2024-12-01T07:14:01","date_gmt":"2024-12-01T07:14:01","guid":{"rendered":"https:\/\/holamexicotours.com\/?page_id=2373"},"modified":"2026-02-06T19:54:25","modified_gmt":"2026-02-06T19:54:25","slug":"haciendas-de-hidalgo","status":"publish","type":"page","link":"https:\/\/holamexicotours.com\/index.php\/haciendas-de-hidalgo\/","title":{"rendered":"HACIENDAS DE HIDALGO"},"content":{"rendered":"\n<h2 class=\"wp-block-heading\"><strong>Donde el pasado cobra vida&#8230;.<\/strong><\/h2>\n\n\n\n<p><strong>Huasca de Ocampo<\/strong>, <strong>primer Pueblo M\u00e1gico de M\u00e9xico<\/strong>, destacado por sus incre\u00edbles paisajes naturales, lugares hist\u00f3ricos, hermosas vistas, calles empedradas, paseos rom\u00e1nticos, <strong>haciendas coloniales<\/strong>, lugares m\u00e1gicos, donde se combinan lo hecho por el hombre y la obra de la naturaleza.<\/p>\n\n\n\n<h2 class=\"wp-block-heading\"><strong>ITINERARIO DEL VIAJE<\/strong> <\/h2>\n\n\n\n<figure class=\"wp-block-image alignfull size-large\"><img loading=\"lazy\" decoding=\"async\" width=\"823\" height=\"1024\" src=\"https:\/\/holamexicotours.com\/wp-content\/uploads\/2026\/02\/IMG-20260206-WA0004-823x1024.jpg\" alt=\"\" class=\"wp-image-5048\" srcset=\"https:\/\/holamexicotours.com\/wp-content\/uploads\/2026\/02\/IMG-20260206-WA0004-823x1024.jpg 823w, https:\/\/holamexicotours.com\/wp-content\/uploads\/2026\/02\/IMG-20260206-WA0004-241x300.jpg 241w, https:\/\/holamexicotours.com\/wp-content\/uploads\/2026\/02\/IMG-20260206-WA0004-768x955.jpg 768w, https:\/\/holamexicotours.com\/wp-content\/uploads\/2026\/02\/IMG-20260206-WA0004.jpg 1067w\" sizes=\"auto, (max-width: 823px) 100vw, 823px\" \/><\/figure>\n\n\n\n<figure class=\"wp-block-image alignfull size-large\"><img loading=\"lazy\" decoding=\"async\" width=\"826\" height=\"1024\" src=\"https:\/\/holamexicotours.com\/wp-content\/uploads\/2025\/10\/02.GUIA-DE-VIAJE-HACIENDAS-DE-HIDALGO-826x1024.jpg\" alt=\"\" class=\"wp-image-4359\" srcset=\"https:\/\/holamexicotours.com\/wp-content\/uploads\/2025\/10\/02.GUIA-DE-VIAJE-HACIENDAS-DE-HIDALGO-826x1024.jpg 826w, https:\/\/holamexicotours.com\/wp-content\/uploads\/2025\/10\/02.GUIA-DE-VIAJE-HACIENDAS-DE-HIDALGO-242x300.jpg 242w, https:\/\/holamexicotours.com\/wp-content\/uploads\/2025\/10\/02.GUIA-DE-VIAJE-HACIENDAS-DE-HIDALGO-768x952.jpg 768w, https:\/\/holamexicotours.com\/wp-content\/uploads\/2025\/10\/02.GUIA-DE-VIAJE-HACIENDAS-DE-HIDALGO.jpg 1082w\" sizes=\"auto, (max-width: 826px) 100vw, 826px\" \/><\/figure>\n\n\n\n<figure class=\"wp-block-image alignfull size-large\"><img loading=\"lazy\" decoding=\"async\" width=\"826\" height=\"1024\" src=\"https:\/\/holamexicotours.com\/wp-content\/uploads\/2025\/12\/IMG-20251203-WA0012-826x1024.jpg\" alt=\"\" class=\"wp-image-4834\" srcset=\"https:\/\/holamexicotours.com\/wp-content\/uploads\/2025\/12\/IMG-20251203-WA0012-826x1024.jpg 826w, https:\/\/holamexicotours.com\/wp-content\/uploads\/2025\/12\/IMG-20251203-WA0012-242x300.jpg 242w, https:\/\/holamexicotours.com\/wp-content\/uploads\/2025\/12\/IMG-20251203-WA0012-768x952.jpg 768w, https:\/\/holamexicotours.com\/wp-content\/uploads\/2025\/12\/IMG-20251203-WA0012.jpg 1082w\" sizes=\"auto, (max-width: 826px) 100vw, 826px\" \/><\/figure>\n\n\n\n<figure class=\"wp-block-image alignfull size-large\"><img loading=\"lazy\" decoding=\"async\" width=\"825\" height=\"1024\" src=\"https:\/\/holamexicotours.com\/wp-content\/uploads\/2025\/10\/04.GUIA-DE-VIAJE-HACIENDAS-DE-HIDALGO-825x1024.jpg\" alt=\"\" class=\"wp-image-4361\" srcset=\"https:\/\/holamexicotours.com\/wp-content\/uploads\/2025\/10\/04.GUIA-DE-VIAJE-HACIENDAS-DE-HIDALGO-825x1024.jpg 825w, https:\/\/holamexicotours.com\/wp-content\/uploads\/2025\/10\/04.GUIA-DE-VIAJE-HACIENDAS-DE-HIDALGO-242x300.jpg 242w, https:\/\/holamexicotours.com\/wp-content\/uploads\/2025\/10\/04.GUIA-DE-VIAJE-HACIENDAS-DE-HIDALGO-768x953.jpg 768w, https:\/\/holamexicotours.com\/wp-content\/uploads\/2025\/10\/04.GUIA-DE-VIAJE-HACIENDAS-DE-HIDALGO.jpg 1080w\" sizes=\"auto, (max-width: 825px) 100vw, 825px\" \/><\/figure>\n\n\n\n<h2 class=\"wp-block-heading has-text-align-center\">&#8220;<strong>CONOCE MAS Y VIVE ESTA EXPERIENCIA<\/strong>&#8220;<\/h2>\n\n\n\n<p><strong>Mineral del Monte<\/strong> esta bicado a quince minutos de la capital de Hidalgo, <strong>es el Pueblo M\u00e1gico m\u00e1s alto del pa\u00eds.<\/strong> Esta regi\u00f3n, hist\u00f3ricamente minera fue testigo de importantes episodios como la primera huelga de Am\u00e9rica, o <strong>el nacimiento de la pasi\u00f3n por el futbol soccer en M\u00e9xico<\/strong>, cuando los mineros ingleses lo introdujeron al pa\u00eds. Aqu\u00ed se disput\u00f3 el primer partido de futbol del pa\u00eds, deporte que lleg\u00f3 para quedarse.<\/p>\n\n\n\n<figure class=\"wp-block-image alignfull size-large\"><img loading=\"lazy\" decoding=\"async\" width=\"1024\" height=\"576\" src=\"https:\/\/holamexicotours.com\/wp-content\/uploads\/2024\/12\/FB_IMG_1645929363375-1024x576.jpg\" alt=\"\" class=\"wp-image-2396\" srcset=\"https:\/\/holamexicotours.com\/wp-content\/uploads\/2024\/12\/FB_IMG_1645929363375-1024x576.jpg 1024w, https:\/\/holamexicotours.com\/wp-content\/uploads\/2024\/12\/FB_IMG_1645929363375-300x169.jpg 300w, https:\/\/holamexicotours.com\/wp-content\/uploads\/2024\/12\/FB_IMG_1645929363375-768x432.jpg 768w, https:\/\/holamexicotours.com\/wp-content\/uploads\/2024\/12\/FB_IMG_1645929363375-1536x864.jpg 1536w, https:\/\/holamexicotours.com\/wp-content\/uploads\/2024\/12\/FB_IMG_1645929363375.jpg 1706w\" sizes=\"auto, (max-width: 1024px) 100vw, 1024px\" \/><\/figure>\n\n\n\n<p><strong>La Hacienda Santa Mar\u00eda Regla<\/strong> se encuentra ubicada en el nacimiento de una gran barranca, custodiada por los enormes y fieles soldados de piedra, en medio de este paraje espectacular que representa una de las 13 maravillas naturales de M\u00e9xico: <strong>Los Prismas Bas\u00e1lticos<\/strong><\/p>\n\n\n\n<p><strong>Es una de las construcciones m\u00e1s impresionantes realizadas por el hombre durante el siglo XVIII,<\/strong> en esta antigua construcci\u00f3n existen, adem\u00e1s, <strong>laberintos <\/strong>y <strong>t\u00faneles <\/strong>secretos que se utilizaron hace muchos a\u00f1os para la transportaci\u00f3n de plata y oro. Se puede acceder a varios de ellos con un gu\u00eda.<\/p>\n\n\n\n<figure class=\"wp-block-image alignfull size-full\"><img loading=\"lazy\" decoding=\"async\" width=\"480\" height=\"638\" src=\"https:\/\/holamexicotours.com\/wp-content\/uploads\/2024\/12\/images-2.jpeg\" alt=\"\" class=\"wp-image-2394\" srcset=\"https:\/\/holamexicotours.com\/wp-content\/uploads\/2024\/12\/images-2.jpeg 480w, https:\/\/holamexicotours.com\/wp-content\/uploads\/2024\/12\/images-2-226x300.jpeg 226w\" sizes=\"auto, (max-width: 480px) 100vw, 480px\" \/><\/figure>\n\n\n\n<p><strong><em>Enclavado en el m\u00edstico Pueblo M\u00e1gico de Huasca de Ocampo, Hidalgo, el<\/em> Museo de los Duendes<em> es un lugar \u00fanico en M\u00e9xico. Este museo no solo captura la esencia de las leyendas locales, sino que tambi\u00e9n ofrece a los visitantes una oportunidad \u00fanica para explorar un mundo donde la realidad y la fantas\u00eda se encuentran.<\/em><\/strong><\/p>\n\n\n\n<figure class=\"wp-block-image alignfull size-full\"><img decoding=\"async\" src=\"https:\/\/edukatours.com\/wp-content\/uploads\/2024\/12\/FB_IMG_1606952118313.jpg\" alt=\"\" class=\"wp-image-4963\"\/><\/figure>\n\n\n\n<p>Los&nbsp;<strong>Prismas bas\u00e1lticos de Santa Mar\u00eda Regla<\/strong>&nbsp;una de las <strong>13 maravillas naturales de M\u00e9xico<\/strong>, son unas&nbsp;columnas bas\u00e1lticas, que se localizan en el centro oriente del&nbsp;estado de Hidalgo,&nbsp;M\u00e9xico. Son el resultado del enfriamiento lento de&nbsp;coladas de lava&nbsp;hace unos 2.5 millones de a\u00f1os, en el&nbsp;pleistoceno.<sup><a href=\"https:\/\/es.wikipedia.org\/wiki\/Prismas_bas%C3%A1lticos_de_Santa_Mar%C3%ADa_Regla#cite_note-naturaleza-1\">1<\/a><\/sup>\u200b De esta manera se formaron las&nbsp;columnas de basalto&nbsp;tanto verticalmente como horizontalmente, con forma de prismas poligonales<\/p>\n\n\n\n<figure class=\"wp-block-image alignfull size-full\"><img loading=\"lazy\" decoding=\"async\" width=\"900\" height=\"988\" src=\"https:\/\/holamexicotours.com\/wp-content\/uploads\/2024\/12\/FB_IMG_1675551431321.jpg\" alt=\"\" class=\"wp-image-2391\" srcset=\"https:\/\/holamexicotours.com\/wp-content\/uploads\/2024\/12\/FB_IMG_1675551431321.jpg 900w, https:\/\/holamexicotours.com\/wp-content\/uploads\/2024\/12\/FB_IMG_1675551431321-273x300.jpg 273w, https:\/\/holamexicotours.com\/wp-content\/uploads\/2024\/12\/FB_IMG_1675551431321-768x843.jpg 768w\" sizes=\"auto, (max-width: 900px) 100vw, 900px\" \/><\/figure>\n\n\n\n<p>La&nbsp;<strong>Hacienda de San Miguel Regla<\/strong>; esta construcci\u00f3n del siglo&nbsp;XVIII&nbsp;que fuera una hacienda de beneficio perteneciente del&nbsp;conde de Regla,&nbsp;Pedro Romero de Terreros; se conserva parte del casco, donde funciona un&nbsp;hotel, los arcos que formaban parte de los patios y los hornos donde era extra\u00edda la plata.<sup><a href=\"https:\/\/es.wikipedia.org\/wiki\/Hacienda_de_San_Miguel_Regla#cite_note-Hacienda-1\">1<\/a><\/sup>\u200b Se localiza en la localidad de&nbsp;San Miguel Regla, en el&nbsp;municipio de Huasca de Ocampo, dentro del&nbsp;estado de Hidalgo&nbsp;en&nbsp;M\u00e9xico.<\/p>\n\n\n\n<figure class=\"wp-block-image alignfull size-large\"><img loading=\"lazy\" decoding=\"async\" width=\"1024\" height=\"768\" src=\"https:\/\/holamexicotours.com\/wp-content\/uploads\/2024\/12\/FB_IMG_1645930275554-1024x768.jpg\" alt=\"\" class=\"wp-image-2392\" srcset=\"https:\/\/holamexicotours.com\/wp-content\/uploads\/2024\/12\/FB_IMG_1645930275554-1024x768.jpg 1024w, https:\/\/holamexicotours.com\/wp-content\/uploads\/2024\/12\/FB_IMG_1645930275554-300x225.jpg 300w, https:\/\/holamexicotours.com\/wp-content\/uploads\/2024\/12\/FB_IMG_1645930275554-768x576.jpg 768w, https:\/\/holamexicotours.com\/wp-content\/uploads\/2024\/12\/FB_IMG_1645930275554-1536x1152.jpg 1536w, https:\/\/holamexicotours.com\/wp-content\/uploads\/2024\/12\/FB_IMG_1645930275554.jpg 2048w\" sizes=\"auto, (max-width: 1024px) 100vw, 1024px\" \/><\/figure>\n\n\n\n<p><strong>Esc\u00e1pate el fin de semana: naturaleza, historia y tranquilidad te espera.<\/strong><\/p>\n\n\n\n<figure class=\"wp-block-gallery has-nested-images columns-default is-cropped wp-block-gallery-1 is-layout-flex wp-block-gallery-is-layout-flex\">\n<figure class=\"wp-block-image size-large\"><img loading=\"lazy\" decoding=\"async\" width=\"1024\" height=\"577\" data-id=\"4196\" src=\"https:\/\/holamexicotours.com\/wp-content\/uploads\/2025\/09\/FB_IMG_1757020363030-1024x577.jpg\" alt=\"\" class=\"wp-image-4196\" srcset=\"https:\/\/holamexicotours.com\/wp-content\/uploads\/2025\/09\/FB_IMG_1757020363030-1024x577.jpg 1024w, https:\/\/holamexicotours.com\/wp-content\/uploads\/2025\/09\/FB_IMG_1757020363030-300x169.jpg 300w, https:\/\/holamexicotours.com\/wp-content\/uploads\/2025\/09\/FB_IMG_1757020363030-768x432.jpg 768w, https:\/\/holamexicotours.com\/wp-content\/uploads\/2025\/09\/FB_IMG_1757020363030-1536x865.jpg 1536w, https:\/\/holamexicotours.com\/wp-content\/uploads\/2025\/09\/FB_IMG_1757020363030.jpg 2048w\" sizes=\"auto, (max-width: 1024px) 100vw, 1024px\" \/><\/figure>\n<\/figure>\n\n\n\n<figure class=\"wp-block-image alignfull size-full\"><a href=\"https:\/\/holamexicotours.com\/index.php\/reserva-tu-viaje-con-la-agencia-de-viaje-de-tu-preferencia\/\"><img loading=\"lazy\" decoding=\"async\" width=\"687\" height=\"367\" src=\"https:\/\/holamexicotours.com\/wp-content\/uploads\/2024\/08\/RESERVA-TU-VIAJE-AQUI.jpg\" alt=\"\" class=\"wp-image-1942\"\/><\/a><\/figure>\n","protected":false},"excerpt":{"rendered":"<p>Donde el pasado cobra vida&#8230;. Huasca de Ocampo, primer Pueblo M\u00e1gico de M\u00e9xico, destacado por sus incre\u00edbles paisajes naturales, lugares hist\u00f3ricos, hermosas vistas, calles empedradas, paseos rom\u00e1nticos, haciendas coloniales, lugares&hellip; <\/p>\n","protected":false},"author":2,"featured_media":4267,"parent":0,"menu_order":0,"comment_status":"closed","ping_status":"closed","template":"","meta":{"footnotes":""},"class_list":["post-2373","page","type-page","status-publish","has-post-thumbnail","hentry"],"yoast_head":"<!-- This site is optimized with the Yoast SEO plugin v23.3 - https:\/\/yoast.com\/wordpress\/plugins\/seo\/ -->\n<title>HACIENDAS DE HIDALGO - HOLA MEXICO TOURS<\/title>\n<meta name=\"robots\" content=\"index, follow, max-snippet:-1, max-image-preview:large, max-video-preview:-1\" \/>\n<link rel=\"canonical\" href=\"https:\/\/holamexicotours.com\/index.php\/haciendas-de-hidalgo\/\" \/>\n<meta property=\"og:locale\" content=\"es_MX\" \/>\n<meta property=\"og:type\" content=\"article\" \/>\n<meta property=\"og:title\" content=\"HACIENDAS DE HIDALGO - HOLA MEXICO TOURS\" \/>\n<meta property=\"og:description\" content=\"Donde el pasado cobra vida&#8230;. Huasca de Ocampo, primer Pueblo M\u00e1gico de M\u00e9xico, destacado por sus incre\u00edbles paisajes naturales, lugares hist\u00f3ricos, hermosas vistas, calles empedradas, paseos rom\u00e1nticos, haciendas coloniales, lugares&hellip;\" \/>\n<meta property=\"og:url\" content=\"https:\/\/holamexicotours.com\/index.php\/haciendas-de-hidalgo\/\" \/>\n<meta property=\"og:site_name\" content=\"HOLA MEXICO TOURS\" \/>\n<meta property=\"article:modified_time\" content=\"2026-02-06T19:54:25+00:00\" \/>\n<meta property=\"og:image\" content=\"https:\/\/holamexicotours.com\/wp-content\/uploads\/2025\/09\/images-1.jpeg\" \/>\n\t<meta property=\"og:image:width\" content=\"672\" \/>\n\t<meta property=\"og:image:height\" content=\"456\" \/>\n\t<meta property=\"og:image:type\" content=\"image\/jpeg\" \/>\n<meta name=\"twitter:card\" content=\"summary_large_image\" \/>\n<meta name=\"twitter:label1\" content=\"Tiempo de lectura\" \/>\n\t<meta name=\"twitter:data1\" content=\"5 minutos\" \/>\n<script type=\"application\/ld+json\" class=\"yoast-schema-graph\">{\"@context\":\"https:\/\/schema.org\",\"@graph\":[{\"@type\":\"WebPage\",\"@id\":\"https:\/\/holamexicotours.com\/index.php\/haciendas-de-hidalgo\/\",\"url\":\"https:\/\/holamexicotours.com\/index.php\/haciendas-de-hidalgo\/\",\"name\":\"HACIENDAS DE HIDALGO - HOLA MEXICO TOURS\",\"isPartOf\":{\"@id\":\"https:\/\/holamexicotours.com\/#website\"},\"primaryImageOfPage\":{\"@id\":\"https:\/\/holamexicotours.com\/index.php\/haciendas-de-hidalgo\/#primaryimage\"},\"image\":{\"@id\":\"https:\/\/holamexicotours.com\/index.php\/haciendas-de-hidalgo\/#primaryimage\"},\"thumbnailUrl\":\"https:\/\/holamexicotours.com\/wp-content\/uploads\/2025\/09\/images-1.jpeg\",\"datePublished\":\"2024-12-01T07:14:01+00:00\",\"dateModified\":\"2026-02-06T19:54:25+00:00\",\"breadcrumb\":{\"@id\":\"https:\/\/holamexicotours.com\/index.php\/haciendas-de-hidalgo\/#breadcrumb\"},\"inLanguage\":\"es\",\"potentialAction\":[{\"@type\":\"ReadAction\",\"target\":[\"https:\/\/holamexicotours.com\/index.php\/haciendas-de-hidalgo\/\"]}]},{\"@type\":\"ImageObject\",\"inLanguage\":\"es\",\"@id\":\"https:\/\/holamexicotours.com\/index.php\/haciendas-de-hidalgo\/#primaryimage\",\"url\":\"https:\/\/holamexicotours.com\/wp-content\/uploads\/2025\/09\/images-1.jpeg\",\"contentUrl\":\"https:\/\/holamexicotours.com\/wp-content\/uploads\/2025\/09\/images-1.jpeg\",\"width\":672,\"height\":456},{\"@type\":\"BreadcrumbList\",\"@id\":\"https:\/\/holamexicotours.com\/index.php\/haciendas-de-hidalgo\/#breadcrumb\",\"itemListElement\":[{\"@type\":\"ListItem\",\"position\":1,\"name\":\"Home\",\"item\":\"https:\/\/holamexicotours.com\/\"},{\"@type\":\"ListItem\",\"position\":2,\"name\":\"HACIENDAS DE HIDALGO\"}]},{\"@type\":\"WebSite\",\"@id\":\"https:\/\/holamexicotours.com\/#website\",\"url\":\"https:\/\/holamexicotours.com\/\",\"name\":\"https:\/\/holamexicotours.com\/\",\"description\":\"A trav\u00e9z de tus ojos, VIVE M\u00c9XICO.\",\"publisher\":{\"@id\":\"https:\/\/holamexicotours.com\/#\/schema\/person\/03a3eec8d68d2f43733875f848656cc2\"},\"potentialAction\":[{\"@type\":\"SearchAction\",\"target\":{\"@type\":\"EntryPoint\",\"urlTemplate\":\"https:\/\/holamexicotours.com\/?s={search_term_string}\"},\"query-input\":\"required name=search_term_string\"}],\"inLanguage\":\"es\"},{\"@type\":[\"Person\",\"Organization\"],\"@id\":\"https:\/\/holamexicotours.com\/#\/schema\/person\/03a3eec8d68d2f43733875f848656cc2\",\"name\":\"holamexicotours\",\"image\":{\"@type\":\"ImageObject\",\"inLanguage\":\"es\",\"@id\":\"https:\/\/holamexicotours.com\/#\/schema\/person\/image\/\",\"url\":\"https:\/\/holamexicotours.com\/wp-content\/uploads\/2025\/04\/cropped-LOGO-FINAL.png\",\"contentUrl\":\"https:\/\/holamexicotours.com\/wp-content\/uploads\/2025\/04\/cropped-LOGO-FINAL.png\",\"width\":1182,\"height\":778,\"caption\":\"holamexicotours\"},\"logo\":{\"@id\":\"https:\/\/holamexicotours.com\/#\/schema\/person\/image\/\"}}]}<\/script>\n<!-- \/ Yoast SEO plugin. -->","yoast_head_json":{"title":"HACIENDAS DE HIDALGO - HOLA MEXICO TOURS","robots":{"index":"index","follow":"follow","max-snippet":"max-snippet:-1","max-image-preview":"max-image-preview:large","max-video-preview":"max-video-preview:-1"},"canonical":"https:\/\/holamexicotours.com\/index.php\/haciendas-de-hidalgo\/","og_locale":"es_MX","og_type":"article","og_title":"HACIENDAS DE HIDALGO - HOLA MEXICO TOURS","og_description":"Donde el pasado cobra vida&#8230;. Huasca de Ocampo, primer Pueblo M\u00e1gico de M\u00e9xico, destacado por sus incre\u00edbles paisajes naturales, lugares hist\u00f3ricos, hermosas vistas, calles empedradas, paseos rom\u00e1nticos, haciendas coloniales, lugares&hellip;","og_url":"https:\/\/holamexicotours.com\/index.php\/haciendas-de-hidalgo\/","og_site_name":"HOLA MEXICO TOURS","article_modified_time":"2026-02-06T19:54:25+00:00","og_image":[{"width":672,"height":456,"url":"https:\/\/holamexicotours.com\/wp-content\/uploads\/2025\/09\/images-1.jpeg","type":"image\/jpeg"}],"twitter_card":"summary_large_image","twitter_misc":{"Tiempo de lectura":"5 minutos"},"schema":{"@context":"https:\/\/schema.org","@graph":[{"@type":"WebPage","@id":"https:\/\/holamexicotours.com\/index.php\/haciendas-de-hidalgo\/","url":"https:\/\/holamexicotours.com\/index.php\/haciendas-de-hidalgo\/","name":"HACIENDAS DE HIDALGO - HOLA MEXICO TOURS","isPartOf":{"@id":"https:\/\/holamexicotours.com\/#website"},"primaryImageOfPage":{"@id":"https:\/\/holamexicotours.com\/index.php\/haciendas-de-hidalgo\/#primaryimage"},"image":{"@id":"https:\/\/holamexicotours.com\/index.php\/haciendas-de-hidalgo\/#primaryimage"},"thumbnailUrl":"https:\/\/holamexicotours.com\/wp-content\/uploads\/2025\/09\/images-1.jpeg","datePublished":"2024-12-01T07:14:01+00:00","dateModified":"2026-02-06T19:54:25+00:00","breadcrumb":{"@id":"https:\/\/holamexicotours.com\/index.php\/haciendas-de-hidalgo\/#breadcrumb"},"inLanguage":"es","potentialAction":[{"@type":"ReadAction","target":["https:\/\/holamexicotours.com\/index.php\/haciendas-de-hidalgo\/"]}]},{"@type":"ImageObject","inLanguage":"es","@id":"https:\/\/holamexicotours.com\/index.php\/haciendas-de-hidalgo\/#primaryimage","url":"https:\/\/holamexicotours.com\/wp-content\/uploads\/2025\/09\/images-1.jpeg","contentUrl":"https:\/\/holamexicotours.com\/wp-content\/uploads\/2025\/09\/images-1.jpeg","width":672,"height":456},{"@type":"BreadcrumbList","@id":"https:\/\/holamexicotours.com\/index.php\/haciendas-de-hidalgo\/#breadcrumb","itemListElement":[{"@type":"ListItem","position":1,"name":"Home","item":"https:\/\/holamexicotours.com\/"},{"@type":"ListItem","position":2,"name":"HACIENDAS DE HIDALGO"}]},{"@type":"WebSite","@id":"https:\/\/holamexicotours.com\/#website","url":"https:\/\/holamexicotours.com\/","name":"https:\/\/holamexicotours.com\/","description":"A trav\u00e9z de tus ojos, VIVE M\u00c9XICO.","publisher":{"@id":"https:\/\/holamexicotours.com\/#\/schema\/person\/03a3eec8d68d2f43733875f848656cc2"},"potentialAction":[{"@type":"SearchAction","target":{"@type":"EntryPoint","urlTemplate":"https:\/\/holamexicotours.com\/?s={search_term_string}"},"query-input":"required name=search_term_string"}],"inLanguage":"es"},{"@type":["Person","Organization"],"@id":"https:\/\/holamexicotours.com\/#\/schema\/person\/03a3eec8d68d2f43733875f848656cc2","name":"holamexicotours","image":{"@type":"ImageObject","inLanguage":"es","@id":"https:\/\/holamexicotours.com\/#\/schema\/person\/image\/","url":"https:\/\/holamexicotours.com\/wp-content\/uploads\/2025\/04\/cropped-LOGO-FINAL.png","contentUrl":"https:\/\/holamexicotours.com\/wp-content\/uploads\/2025\/04\/cropped-LOGO-FINAL.png","width":1182,"height":778,"caption":"holamexicotours"},"logo":{"@id":"https:\/\/holamexicotours.com\/#\/schema\/person\/image\/"}}]}},"_links":{"self":[{"href":"https:\/\/holamexicotours.com\/index.php\/wp-json\/wp\/v2\/pages\/2373","targetHints":{"allow":["GET"]}}],"collection":[{"href":"https:\/\/holamexicotours.com\/index.php\/wp-json\/wp\/v2\/pages"}],"about":[{"href":"https:\/\/holamexicotours.com\/index.php\/wp-json\/wp\/v2\/types\/page"}],"author":[{"embeddable":true,"href":"https:\/\/holamexicotours.com\/index.php\/wp-json\/wp\/v2\/users\/2"}],"replies":[{"embeddable":true,"href":"https:\/\/holamexicotours.com\/index.php\/wp-json\/wp\/v2\/comments?post=2373"}],"version-history":[{"count":45,"href":"https:\/\/holamexicotours.com\/index.php\/wp-json\/wp\/v2\/pages\/2373\/revisions"}],"predecessor-version":[{"id":5049,"href":"https:\/\/holamexicotours.com\/index.php\/wp-json\/wp\/v2\/pages\/2373\/revisions\/5049"}],"wp:featuredmedia":[{"embeddable":true,"href":"https:\/\/holamexicotours.com\/index.php\/wp-json\/wp\/v2\/media\/4267"}],"wp:attachment":[{"href":"https:\/\/holamexicotours.com\/index.php\/wp-json\/wp\/v2\/media?parent=2373"}],"curies":[{"name":"wp","href":"https:\/\/api.w.org\/{rel}","templated":true}]}}