{"id":1827,"date":"2024-07-26T21:18:51","date_gmt":"2024-07-26T21:18:51","guid":{"rendered":"https:\/\/holamexicotours.com\/?page_id=1827"},"modified":"2025-11-14T23:15:21","modified_gmt":"2025-11-14T23:15:21","slug":"tour-cascadas-dos-mundos","status":"publish","type":"page","link":"https:\/\/holamexicotours.com\/index.php\/tour-cascadas-dos-mundos\/","title":{"rendered":"TOUR CASCADAS DOS MUNDOS"},"content":{"rendered":"\n<p><strong>Justo en la frontera que limita al estado de Hidalgo con el de Puebla<\/strong>, se esconde este bello para\u00edso entre cascadas, bosque y cavernas<\/p>\n\n\n\n<p>Para amantes del&nbsp;<strong>senderismo, la naturaleza<\/strong>&nbsp;y por supuesto&nbsp;<strong>las largas y emocionantes caminatas<\/strong>&nbsp;entre los&nbsp;<strong>espesos bosques que caracterizan al Pueblo M\u00e1gico de Acaxochitl\u00e1n,<\/strong>&nbsp;las&nbsp;<strong>Cascadas Dos Mundos<\/strong>, ubicadas en&nbsp;<strong>la localidad de San Fernando<\/strong>, se vuelven el destino obligado e ideal para conocer la&nbsp;<strong>belleza de la sierra Otom\u00ed-Tepehua<\/strong>&nbsp;y el misticismo ind\u00edgena que a\u00fan sobrevive en este municipio.<\/p>\n\n\n\n<h2 class=\"wp-block-heading\"><strong>ITINERARIO DEL VIAJE<\/strong><\/h2>\n\n\n\n<figure class=\"wp-block-image alignfull size-large\"><img loading=\"lazy\" decoding=\"async\" width=\"825\" height=\"1024\" src=\"https:\/\/holamexicotours.com\/wp-content\/uploads\/2025\/11\/GUIA-DOS-MUNDOS-2026-825x1024.jpg\" alt=\"\" class=\"wp-image-4712\" srcset=\"https:\/\/holamexicotours.com\/wp-content\/uploads\/2025\/11\/GUIA-DOS-MUNDOS-2026-825x1024.jpg 825w, https:\/\/holamexicotours.com\/wp-content\/uploads\/2025\/11\/GUIA-DOS-MUNDOS-2026-242x300.jpg 242w, https:\/\/holamexicotours.com\/wp-content\/uploads\/2025\/11\/GUIA-DOS-MUNDOS-2026-768x953.jpg 768w, https:\/\/holamexicotours.com\/wp-content\/uploads\/2025\/11\/GUIA-DOS-MUNDOS-2026.jpg 1080w\" sizes=\"auto, (max-width: 825px) 100vw, 825px\" \/><\/figure>\n\n\n\n<figure class=\"wp-block-image alignfull size-large\"><img loading=\"lazy\" decoding=\"async\" width=\"825\" height=\"1024\" src=\"https:\/\/holamexicotours.com\/wp-content\/uploads\/2025\/10\/02.GUIA-DE-VIAJE-DOS-MUNDOS-1-825x1024.jpg\" alt=\"\" class=\"wp-image-4370\" srcset=\"https:\/\/holamexicotours.com\/wp-content\/uploads\/2025\/10\/02.GUIA-DE-VIAJE-DOS-MUNDOS-1-825x1024.jpg 825w, https:\/\/holamexicotours.com\/wp-content\/uploads\/2025\/10\/02.GUIA-DE-VIAJE-DOS-MUNDOS-1-242x300.jpg 242w, https:\/\/holamexicotours.com\/wp-content\/uploads\/2025\/10\/02.GUIA-DE-VIAJE-DOS-MUNDOS-1-768x954.jpg 768w, https:\/\/holamexicotours.com\/wp-content\/uploads\/2025\/10\/02.GUIA-DE-VIAJE-DOS-MUNDOS-1.jpg 1080w\" sizes=\"auto, (max-width: 825px) 100vw, 825px\" \/><\/figure>\n\n\n\n<figure class=\"wp-block-image alignfull size-large\"><img loading=\"lazy\" decoding=\"async\" width=\"826\" height=\"1024\" src=\"https:\/\/holamexicotours.com\/wp-content\/uploads\/2025\/10\/03.GUIA-DE-VIAJE-DOS-MUNDOS-1-826x1024.jpg\" alt=\"\" class=\"wp-image-4371\" srcset=\"https:\/\/holamexicotours.com\/wp-content\/uploads\/2025\/10\/03.GUIA-DE-VIAJE-DOS-MUNDOS-1-826x1024.jpg 826w, https:\/\/holamexicotours.com\/wp-content\/uploads\/2025\/10\/03.GUIA-DE-VIAJE-DOS-MUNDOS-1-242x300.jpg 242w, https:\/\/holamexicotours.com\/wp-content\/uploads\/2025\/10\/03.GUIA-DE-VIAJE-DOS-MUNDOS-1-768x952.jpg 768w, https:\/\/holamexicotours.com\/wp-content\/uploads\/2025\/10\/03.GUIA-DE-VIAJE-DOS-MUNDOS-1.jpg 1082w\" sizes=\"auto, (max-width: 826px) 100vw, 826px\" \/><\/figure>\n\n\n\n<h2 class=\"wp-block-heading has-text-align-center\">&#8220;<strong>CONOCE MAS Y VIVE ESTA EXPERIENCIA<\/strong>&#8220;<\/h2>\n\n\n\n<figure class=\"wp-block-video\"><video autoplay controls src=\"https:\/\/holamexicotours.com\/wp-content\/uploads\/2024\/08\/VID-20240802-WA0007.mp4\"><\/video><\/figure>\n\n\n\n<p>Con altas&nbsp;<strong>cascadas que caen sobre estanques naturales de aguas cristalinas<\/strong>, fabulosas&nbsp;<strong>vistas desde un puente colgante de 100 metros de largo<\/strong>&nbsp;y la visita a algunas cavernas entre las monta\u00f1as donde la creencia local asegura que viven criaturas mitol\u00f3gicas, el centro tur\u00edstico<strong>&nbsp;Dos Mundos (tambi\u00e9n llamado \u2018Huetziatl\u2019 que significa \u2018lugar m\u00edstico\u2019),&nbsp;<\/strong>se encuentra a&nbsp;<strong>unos 25 minutos desde la cabecera municipal de Acaxochitl\u00e1n.<\/strong><\/p>\n\n\n\n<p>El parque cuenta con cascadas, cada una con su encanto particular. Recorre los senderos y d\u00e9jate cautivar por la fuerza y el sonido del agua que cae entre la exuberante vegetaci\u00f3n.&nbsp;<\/p>\n\n\n\n<figure class=\"wp-block-image alignfull size-full\"><img loading=\"lazy\" decoding=\"async\" width=\"1080\" height=\"1350\" src=\"https:\/\/holamexicotours.com\/wp-content\/uploads\/2024\/07\/FB_IMG_1720998123522.jpg\" alt=\"\" class=\"wp-image-1829\"\/><\/figure>\n\n\n\n<p>Igualmente&nbsp;<strong>puedes \u201cvolar\u201d al estado vecino a trav\u00e9s de su tirolesa<\/strong>, la m\u00e1s grande de toda la regi\u00f3n que en suma con su ida y vuelta es de casi&nbsp;<strong>un kil\u00f3metro de longitud<\/strong>.<\/p>\n\n\n\n<p>Por supuesto que la mejor manera para descubrir esta naturaleza es con su&nbsp;<strong>recorrido a pie guiado por habitantes de la regi\u00f3n<\/strong><\/p>\n\n\n\n<figure class=\"wp-block-image alignfull size-full\"><img loading=\"lazy\" decoding=\"async\" width=\"1080\" height=\"1350\" src=\"https:\/\/holamexicotours.com\/wp-content\/uploads\/2024\/07\/FB_IMG_1720998317546.jpg\" alt=\"\" class=\"wp-image-1828\"\/><\/figure>\n\n\n\n<p><strong>No olvides usar ropa y calzado c\u00f3modos, repelente de mosquitos, traje de ba\u00f1o para refrescarte en las pozas y ahora s\u00ed, prep\u00e1rate para explorar y divertirte bajo la esencia de este lugar m\u00e1gico.<\/strong><\/p>\n\n\n\n<p><strong>Vuela en tirolesa<\/strong>. Si lo tuyo es la adrenalina, encontrar\u00e1s diversas actividades para poner a prueba tu valent\u00eda. Atraviesa un puente colgante y siente la emoci\u00f3n de caminar sobre el vac\u00edo.<\/p>\n\n\n\n<h4 class=\"wp-block-heading\"><strong>VALLE DE LAS PIEDRAS ENCIMADAS<\/strong><\/h4>\n\n\n\n<figure class=\"wp-block-image alignwide size-large\"><img loading=\"lazy\" decoding=\"async\" width=\"1024\" height=\"761\" src=\"https:\/\/holamexicotours.com\/wp-content\/uploads\/2025\/07\/descarga-1024x761.jpeg\" alt=\"\" class=\"wp-image-3802\" srcset=\"https:\/\/holamexicotours.com\/wp-content\/uploads\/2025\/07\/descarga-1024x761.jpeg 1024w, https:\/\/holamexicotours.com\/wp-content\/uploads\/2025\/07\/descarga-300x223.jpeg 300w, https:\/\/holamexicotours.com\/wp-content\/uploads\/2025\/07\/descarga-768x571.jpeg 768w, https:\/\/holamexicotours.com\/wp-content\/uploads\/2025\/07\/descarga.jpeg 1036w\" sizes=\"auto, (max-width: 1024px) 100vw, 1024px\" \/><\/figure>\n\n\n\n<p>Valle de las Piedras Encimadas es <strong>un lugar mistico en el estado de puebla<\/strong>, en que su atractivo principal son sus formaciones rocosas monumentales, <strong>un destino unico e increible de nuestro M\u00e9xico.<\/strong><\/p>\n\n\n\n<figure class=\"wp-block-image alignwide size-full\"><img loading=\"lazy\" decoding=\"async\" width=\"495\" height=\"619\" src=\"https:\/\/holamexicotours.com\/wp-content\/uploads\/2025\/07\/images-1.jpeg\" alt=\"\" class=\"wp-image-3803\" srcset=\"https:\/\/holamexicotours.com\/wp-content\/uploads\/2025\/07\/images-1.jpeg 495w, https:\/\/holamexicotours.com\/wp-content\/uploads\/2025\/07\/images-1-240x300.jpeg 240w\" sizes=\"auto, (max-width: 495px) 100vw, 495px\" \/><\/figure>\n\n\n\n<p id=\"block-85896191-5e76-42de-a681-9af2e25aa410\">Prep\u00e1rate para vivir esta aventura y diversi\u00f3n con las diferentes actividades de estos incre\u00edbles destinos, <strong>\u00a1\u00a1No te lo puedes perder!!<\/strong><\/p>\n\n\n\n<figure class=\"wp-block-image alignfull size-full\"><a href=\"https:\/\/holamexicotours.com\/index.php\/reserva-tu-viaje-con-la-agencia-de-viaje-de-tu-preferencia\/\"><img loading=\"lazy\" decoding=\"async\" width=\"687\" height=\"367\" src=\"https:\/\/holamexicotours.com\/wp-content\/uploads\/2024\/08\/RESERVA-TU-VIAJE-AQUI.jpg\" alt=\"\" class=\"wp-image-1942\"\/><\/a><\/figure>\n","protected":false},"excerpt":{"rendered":"<p>Justo en la frontera que limita al estado de Hidalgo con el de Puebla, se esconde este bello para\u00edso entre cascadas, bosque y cavernas Para amantes del&nbsp;senderismo, la naturaleza&nbsp;y por&hellip; <\/p>\n","protected":false},"author":2,"featured_media":3798,"parent":0,"menu_order":0,"comment_status":"closed","ping_status":"closed","template":"","meta":{"footnotes":""},"class_list":["post-1827","page","type-page","status-publish","has-post-thumbnail","hentry"],"yoast_head":"<!-- This site is optimized with the Yoast SEO plugin v23.3 - https:\/\/yoast.com\/wordpress\/plugins\/seo\/ -->\n<title>TOUR CASCADAS DOS MUNDOS - HOLA MEXICO TOURS<\/title>\n<meta name=\"robots\" content=\"index, follow, max-snippet:-1, max-image-preview:large, max-video-preview:-1\" \/>\n<link rel=\"canonical\" href=\"https:\/\/holamexicotours.com\/index.php\/tour-cascadas-dos-mundos\/\" \/>\n<meta property=\"og:locale\" content=\"es_MX\" \/>\n<meta property=\"og:type\" content=\"article\" \/>\n<meta property=\"og:title\" content=\"TOUR CASCADAS DOS MUNDOS - HOLA MEXICO TOURS\" \/>\n<meta property=\"og:description\" content=\"Justo en la frontera que limita al estado de Hidalgo con el de Puebla, se esconde este bello para\u00edso entre cascadas, bosque y cavernas Para amantes del&nbsp;senderismo, la naturaleza&nbsp;y por&hellip;\" \/>\n<meta property=\"og:url\" content=\"https:\/\/holamexicotours.com\/index.php\/tour-cascadas-dos-mundos\/\" \/>\n<meta property=\"og:site_name\" content=\"HOLA MEXICO TOURS\" \/>\n<meta property=\"article:modified_time\" content=\"2025-11-14T23:15:21+00:00\" \/>\n<meta property=\"og:image\" content=\"https:\/\/holamexicotours.com\/wp-content\/uploads\/2025\/07\/FB_IMG_1720998223058.jpg\" \/>\n\t<meta property=\"og:image:width\" content=\"2000\" \/>\n\t<meta property=\"og:image:height\" content=\"2000\" \/>\n\t<meta property=\"og:image:type\" content=\"image\/jpeg\" \/>\n<meta name=\"twitter:card\" content=\"summary_large_image\" \/>\n<meta name=\"twitter:label1\" content=\"Tiempo de lectura\" \/>\n\t<meta name=\"twitter:data1\" content=\"4 minutos\" \/>\n<script type=\"application\/ld+json\" class=\"yoast-schema-graph\">{\"@context\":\"https:\/\/schema.org\",\"@graph\":[{\"@type\":\"WebPage\",\"@id\":\"https:\/\/holamexicotours.com\/index.php\/tour-cascadas-dos-mundos\/\",\"url\":\"https:\/\/holamexicotours.com\/index.php\/tour-cascadas-dos-mundos\/\",\"name\":\"TOUR CASCADAS DOS MUNDOS - HOLA MEXICO TOURS\",\"isPartOf\":{\"@id\":\"https:\/\/holamexicotours.com\/#website\"},\"primaryImageOfPage\":{\"@id\":\"https:\/\/holamexicotours.com\/index.php\/tour-cascadas-dos-mundos\/#primaryimage\"},\"image\":{\"@id\":\"https:\/\/holamexicotours.com\/index.php\/tour-cascadas-dos-mundos\/#primaryimage\"},\"thumbnailUrl\":\"https:\/\/holamexicotours.com\/wp-content\/uploads\/2025\/07\/FB_IMG_1720998223058.jpg\",\"datePublished\":\"2024-07-26T21:18:51+00:00\",\"dateModified\":\"2025-11-14T23:15:21+00:00\",\"breadcrumb\":{\"@id\":\"https:\/\/holamexicotours.com\/index.php\/tour-cascadas-dos-mundos\/#breadcrumb\"},\"inLanguage\":\"es\",\"potentialAction\":[{\"@type\":\"ReadAction\",\"target\":[\"https:\/\/holamexicotours.com\/index.php\/tour-cascadas-dos-mundos\/\"]}]},{\"@type\":\"ImageObject\",\"inLanguage\":\"es\",\"@id\":\"https:\/\/holamexicotours.com\/index.php\/tour-cascadas-dos-mundos\/#primaryimage\",\"url\":\"https:\/\/holamexicotours.com\/wp-content\/uploads\/2025\/07\/FB_IMG_1720998223058.jpg\",\"contentUrl\":\"https:\/\/holamexicotours.com\/wp-content\/uploads\/2025\/07\/FB_IMG_1720998223058.jpg\",\"width\":2000,\"height\":2000},{\"@type\":\"BreadcrumbList\",\"@id\":\"https:\/\/holamexicotours.com\/index.php\/tour-cascadas-dos-mundos\/#breadcrumb\",\"itemListElement\":[{\"@type\":\"ListItem\",\"position\":1,\"name\":\"Home\",\"item\":\"https:\/\/holamexicotours.com\/\"},{\"@type\":\"ListItem\",\"position\":2,\"name\":\"TOUR CASCADAS DOS MUNDOS\"}]},{\"@type\":\"WebSite\",\"@id\":\"https:\/\/holamexicotours.com\/#website\",\"url\":\"https:\/\/holamexicotours.com\/\",\"name\":\"https:\/\/holamexicotours.com\/\",\"description\":\"A trav\u00e9z de tus ojos, VIVE M\u00c9XICO.\",\"publisher\":{\"@id\":\"https:\/\/holamexicotours.com\/#\/schema\/person\/03a3eec8d68d2f43733875f848656cc2\"},\"potentialAction\":[{\"@type\":\"SearchAction\",\"target\":{\"@type\":\"EntryPoint\",\"urlTemplate\":\"https:\/\/holamexicotours.com\/?s={search_term_string}\"},\"query-input\":\"required name=search_term_string\"}],\"inLanguage\":\"es\"},{\"@type\":[\"Person\",\"Organization\"],\"@id\":\"https:\/\/holamexicotours.com\/#\/schema\/person\/03a3eec8d68d2f43733875f848656cc2\",\"name\":\"holamexicotours\",\"image\":{\"@type\":\"ImageObject\",\"inLanguage\":\"es\",\"@id\":\"https:\/\/holamexicotours.com\/#\/schema\/person\/image\/\",\"url\":\"https:\/\/holamexicotours.com\/wp-content\/uploads\/2025\/04\/cropped-LOGO-FINAL.png\",\"contentUrl\":\"https:\/\/holamexicotours.com\/wp-content\/uploads\/2025\/04\/cropped-LOGO-FINAL.png\",\"width\":1182,\"height\":778,\"caption\":\"holamexicotours\"},\"logo\":{\"@id\":\"https:\/\/holamexicotours.com\/#\/schema\/person\/image\/\"}}]}<\/script>\n<!-- \/ Yoast SEO plugin. -->","yoast_head_json":{"title":"TOUR CASCADAS DOS MUNDOS - HOLA MEXICO TOURS","robots":{"index":"index","follow":"follow","max-snippet":"max-snippet:-1","max-image-preview":"max-image-preview:large","max-video-preview":"max-video-preview:-1"},"canonical":"https:\/\/holamexicotours.com\/index.php\/tour-cascadas-dos-mundos\/","og_locale":"es_MX","og_type":"article","og_title":"TOUR CASCADAS DOS MUNDOS - HOLA MEXICO TOURS","og_description":"Justo en la frontera que limita al estado de Hidalgo con el de Puebla, se esconde este bello para\u00edso entre cascadas, bosque y cavernas Para amantes del&nbsp;senderismo, la naturaleza&nbsp;y por&hellip;","og_url":"https:\/\/holamexicotours.com\/index.php\/tour-cascadas-dos-mundos\/","og_site_name":"HOLA MEXICO TOURS","article_modified_time":"2025-11-14T23:15:21+00:00","og_image":[{"width":2000,"height":2000,"url":"https:\/\/holamexicotours.com\/wp-content\/uploads\/2025\/07\/FB_IMG_1720998223058.jpg","type":"image\/jpeg"}],"twitter_card":"summary_large_image","twitter_misc":{"Tiempo de lectura":"4 minutos"},"schema":{"@context":"https:\/\/schema.org","@graph":[{"@type":"WebPage","@id":"https:\/\/holamexicotours.com\/index.php\/tour-cascadas-dos-mundos\/","url":"https:\/\/holamexicotours.com\/index.php\/tour-cascadas-dos-mundos\/","name":"TOUR CASCADAS DOS MUNDOS - HOLA MEXICO TOURS","isPartOf":{"@id":"https:\/\/holamexicotours.com\/#website"},"primaryImageOfPage":{"@id":"https:\/\/holamexicotours.com\/index.php\/tour-cascadas-dos-mundos\/#primaryimage"},"image":{"@id":"https:\/\/holamexicotours.com\/index.php\/tour-cascadas-dos-mundos\/#primaryimage"},"thumbnailUrl":"https:\/\/holamexicotours.com\/wp-content\/uploads\/2025\/07\/FB_IMG_1720998223058.jpg","datePublished":"2024-07-26T21:18:51+00:00","dateModified":"2025-11-14T23:15:21+00:00","breadcrumb":{"@id":"https:\/\/holamexicotours.com\/index.php\/tour-cascadas-dos-mundos\/#breadcrumb"},"inLanguage":"es","potentialAction":[{"@type":"ReadAction","target":["https:\/\/holamexicotours.com\/index.php\/tour-cascadas-dos-mundos\/"]}]},{"@type":"ImageObject","inLanguage":"es","@id":"https:\/\/holamexicotours.com\/index.php\/tour-cascadas-dos-mundos\/#primaryimage","url":"https:\/\/holamexicotours.com\/wp-content\/uploads\/2025\/07\/FB_IMG_1720998223058.jpg","contentUrl":"https:\/\/holamexicotours.com\/wp-content\/uploads\/2025\/07\/FB_IMG_1720998223058.jpg","width":2000,"height":2000},{"@type":"BreadcrumbList","@id":"https:\/\/holamexicotours.com\/index.php\/tour-cascadas-dos-mundos\/#breadcrumb","itemListElement":[{"@type":"ListItem","position":1,"name":"Home","item":"https:\/\/holamexicotours.com\/"},{"@type":"ListItem","position":2,"name":"TOUR CASCADAS DOS MUNDOS"}]},{"@type":"WebSite","@id":"https:\/\/holamexicotours.com\/#website","url":"https:\/\/holamexicotours.com\/","name":"https:\/\/holamexicotours.com\/","description":"A trav\u00e9z de tus ojos, VIVE M\u00c9XICO.","publisher":{"@id":"https:\/\/holamexicotours.com\/#\/schema\/person\/03a3eec8d68d2f43733875f848656cc2"},"potentialAction":[{"@type":"SearchAction","target":{"@type":"EntryPoint","urlTemplate":"https:\/\/holamexicotours.com\/?s={search_term_string}"},"query-input":"required name=search_term_string"}],"inLanguage":"es"},{"@type":["Person","Organization"],"@id":"https:\/\/holamexicotours.com\/#\/schema\/person\/03a3eec8d68d2f43733875f848656cc2","name":"holamexicotours","image":{"@type":"ImageObject","inLanguage":"es","@id":"https:\/\/holamexicotours.com\/#\/schema\/person\/image\/","url":"https:\/\/holamexicotours.com\/wp-content\/uploads\/2025\/04\/cropped-LOGO-FINAL.png","contentUrl":"https:\/\/holamexicotours.com\/wp-content\/uploads\/2025\/04\/cropped-LOGO-FINAL.png","width":1182,"height":778,"caption":"holamexicotours"},"logo":{"@id":"https:\/\/holamexicotours.com\/#\/schema\/person\/image\/"}}]}},"_links":{"self":[{"href":"https:\/\/holamexicotours.com\/index.php\/wp-json\/wp\/v2\/pages\/1827","targetHints":{"allow":["GET"]}}],"collection":[{"href":"https:\/\/holamexicotours.com\/index.php\/wp-json\/wp\/v2\/pages"}],"about":[{"href":"https:\/\/holamexicotours.com\/index.php\/wp-json\/wp\/v2\/types\/page"}],"author":[{"embeddable":true,"href":"https:\/\/holamexicotours.com\/index.php\/wp-json\/wp\/v2\/users\/2"}],"replies":[{"embeddable":true,"href":"https:\/\/holamexicotours.com\/index.php\/wp-json\/wp\/v2\/comments?post=1827"}],"version-history":[{"count":22,"href":"https:\/\/holamexicotours.com\/index.php\/wp-json\/wp\/v2\/pages\/1827\/revisions"}],"predecessor-version":[{"id":4713,"href":"https:\/\/holamexicotours.com\/index.php\/wp-json\/wp\/v2\/pages\/1827\/revisions\/4713"}],"wp:featuredmedia":[{"embeddable":true,"href":"https:\/\/holamexicotours.com\/index.php\/wp-json\/wp\/v2\/media\/3798"}],"wp:attachment":[{"href":"https:\/\/holamexicotours.com\/index.php\/wp-json\/wp\/v2\/media?parent=1827"}],"curies":[{"name":"wp","href":"https:\/\/api.w.org\/{rel}","templated":true}]}}