{"id":1811,"date":"2024-07-26T21:08:40","date_gmt":"2024-07-26T21:08:40","guid":{"rendered":"https:\/\/holamexicotours.com\/?page_id=1811"},"modified":"2025-12-30T18:35:39","modified_gmt":"2025-12-30T18:35:39","slug":"playa-punta-perula-e-isla-cocinas","status":"publish","type":"page","link":"https:\/\/holamexicotours.com\/index.php\/playa-punta-perula-e-isla-cocinas\/","title":{"rendered":"PLAYA PUNTA PERULA E ISLA COCINAS"},"content":{"rendered":"\n<p>Poco conocida, <strong>Punta P\u00e9rula<\/strong> en la Costa Alegre de Jalisco, ofrece todas las maravillas con <strong>playas hermosas semi v\u00edrgenes<\/strong>. Con restaurantes totalmente caseros, contacto total con la naturaleza y playas casi desoladas, este destino es ideal para desconectarse totalmente, pues casi no hay internet en el lugar.<\/p>\n\n\n\n<h2 class=\"wp-block-heading\"><strong>ITINERARIO DEL VIAJE<\/strong><\/h2>\n\n\n\n<figure class=\"wp-block-image alignfull size-large\"><img loading=\"lazy\" decoding=\"async\" width=\"828\" height=\"1024\" src=\"https:\/\/holamexicotours.com\/wp-content\/uploads\/2025\/12\/01.GUIA-DE-VIAJE-PUNTA-PERULA-828x1024.jpg\" alt=\"\" class=\"wp-image-4902\" srcset=\"https:\/\/holamexicotours.com\/wp-content\/uploads\/2025\/12\/01.GUIA-DE-VIAJE-PUNTA-PERULA-828x1024.jpg 828w, https:\/\/holamexicotours.com\/wp-content\/uploads\/2025\/12\/01.GUIA-DE-VIAJE-PUNTA-PERULA-243x300.jpg 243w, https:\/\/holamexicotours.com\/wp-content\/uploads\/2025\/12\/01.GUIA-DE-VIAJE-PUNTA-PERULA-768x949.jpg 768w, https:\/\/holamexicotours.com\/wp-content\/uploads\/2025\/12\/01.GUIA-DE-VIAJE-PUNTA-PERULA.jpg 1084w\" sizes=\"auto, (max-width: 828px) 100vw, 828px\" \/><\/figure>\n\n\n\n<figure class=\"wp-block-image alignfull size-large\"><img loading=\"lazy\" decoding=\"async\" width=\"825\" height=\"1024\" src=\"https:\/\/holamexicotours.com\/wp-content\/uploads\/2025\/12\/02.GUIA-DE-VIAJE-PUNTA-PERULA-825x1024.jpg\" alt=\"\" class=\"wp-image-4904\" srcset=\"https:\/\/holamexicotours.com\/wp-content\/uploads\/2025\/12\/02.GUIA-DE-VIAJE-PUNTA-PERULA-825x1024.jpg 825w, https:\/\/holamexicotours.com\/wp-content\/uploads\/2025\/12\/02.GUIA-DE-VIAJE-PUNTA-PERULA-242x300.jpg 242w, https:\/\/holamexicotours.com\/wp-content\/uploads\/2025\/12\/02.GUIA-DE-VIAJE-PUNTA-PERULA-768x953.jpg 768w, https:\/\/holamexicotours.com\/wp-content\/uploads\/2025\/12\/02.GUIA-DE-VIAJE-PUNTA-PERULA.jpg 1081w\" sizes=\"auto, (max-width: 825px) 100vw, 825px\" \/><\/figure>\n\n\n\n<figure class=\"wp-block-image alignfull size-large\"><img loading=\"lazy\" decoding=\"async\" width=\"826\" height=\"1024\" src=\"https:\/\/holamexicotours.com\/wp-content\/uploads\/2025\/12\/03.GUIA-DE-VIAJE-PUNTA-PERULA-826x1024.jpg\" alt=\"\" class=\"wp-image-4905\" srcset=\"https:\/\/holamexicotours.com\/wp-content\/uploads\/2025\/12\/03.GUIA-DE-VIAJE-PUNTA-PERULA-826x1024.jpg 826w, https:\/\/holamexicotours.com\/wp-content\/uploads\/2025\/12\/03.GUIA-DE-VIAJE-PUNTA-PERULA-242x300.jpg 242w, https:\/\/holamexicotours.com\/wp-content\/uploads\/2025\/12\/03.GUIA-DE-VIAJE-PUNTA-PERULA-768x952.jpg 768w, https:\/\/holamexicotours.com\/wp-content\/uploads\/2025\/12\/03.GUIA-DE-VIAJE-PUNTA-PERULA.jpg 1082w\" sizes=\"auto, (max-width: 826px) 100vw, 826px\" \/><\/figure>\n\n\n\n<figure class=\"wp-block-image alignfull size-large\"><img loading=\"lazy\" decoding=\"async\" width=\"826\" height=\"1024\" src=\"https:\/\/holamexicotours.com\/wp-content\/uploads\/2025\/10\/04.GUIA-DE-VIAJE-PUNTA-PERULA-1-826x1024.jpg\" alt=\"\" class=\"wp-image-4403\" srcset=\"https:\/\/holamexicotours.com\/wp-content\/uploads\/2025\/10\/04.GUIA-DE-VIAJE-PUNTA-PERULA-1-826x1024.jpg 826w, https:\/\/holamexicotours.com\/wp-content\/uploads\/2025\/10\/04.GUIA-DE-VIAJE-PUNTA-PERULA-1-242x300.jpg 242w, https:\/\/holamexicotours.com\/wp-content\/uploads\/2025\/10\/04.GUIA-DE-VIAJE-PUNTA-PERULA-1-768x952.jpg 768w, https:\/\/holamexicotours.com\/wp-content\/uploads\/2025\/10\/04.GUIA-DE-VIAJE-PUNTA-PERULA-1.jpg 1082w\" sizes=\"auto, (max-width: 826px) 100vw, 826px\" \/><\/figure>\n\n\n\n<h2 class=\"wp-block-heading has-text-align-center\">&#8220;<strong>CONOCE MAS Y VIVE ESTA EXPERIENCIA<\/strong>&#8220;<\/h2>\n\n\n\n<p><strong>Los atardeceres m\u00e1s hermosos<\/strong> de la costa de Jalisco y personas tan amables, ansiosos por mostrarte las maravillas naturales de su pueblo, P\u00e9rula es una verdadera&nbsp;<strong>joya del Pac\u00edfico.<\/strong><\/p>\n\n\n\n<p>Adem\u00e1s, todo est\u00e1 realmente cerca, por lo que podr\u00e1s recorrer el pueblo ya sea caminando o en bicicleta, sus hermosas playas y calles sencillas, desde el <strong>muelle de P\u00e9rula<\/strong> podr\u00e1s tomar lanchas que te llevar\u00e1n a conocer sus hermosas islas v\u00edrgenes como: <strong>Isla Cocinas, Isla Pajarera, Isla Colorada.<\/strong><\/p>\n\n\n\n<figure class=\"wp-block-image alignfull size-full\"><img loading=\"lazy\" decoding=\"async\" width=\"739\" height=\"415\" src=\"https:\/\/holamexicotours.com\/wp-content\/uploads\/2024\/07\/images-2.jpeg\" alt=\"\" class=\"wp-image-1813\"\/><\/figure>\n\n\n\n<p>Una destino diferente a los destinos playeros cl\u00e1sicos es ideal para desconectarse y pasar tiempo de calidad ya sea en familia, pareja o incluso en solitario. Si eres <strong>amante de la naturaleza<\/strong>, la aventura y los espacios sin multitudes, \u00a1Este destino es para ti! Visita&nbsp;esta <strong>playa paradis\u00edaca<\/strong>&nbsp;y descubre qu\u00e9 hacer en Punta P\u00e9rula. Sin duda, <strong>te enamorar\u00e1s a\u00fan m\u00e1s de&nbsp;Jalisco.<\/strong><\/p>\n\n\n\n<p><strong>Isla Cocinas<\/strong> uno de los paisajes m\u00e1s puros y hermosos en&nbsp;<strong>Jalisco es un parador tur\u00edstico como muy pocos en el mundo justo frente a Punta Perula<\/strong>, pues se trata de una peque\u00f1a&nbsp;<strong>playa virgen<\/strong>&nbsp;en&nbsp;<strong>Jalisco&nbsp;<\/strong>de blanqu\u00edsima arena y cristalinas aguas turquesa ideal para actividades como&nbsp;<strong>nadar, bucear y pasear en kayak<\/strong>.<\/p>\n\n\n\n<figure class=\"wp-block-image alignfull size-full\"><img loading=\"lazy\" decoding=\"async\" width=\"512\" height=\"512\" src=\"https:\/\/holamexicotours.com\/wp-content\/uploads\/2024\/07\/images-2-1.jpeg\" alt=\"\" class=\"wp-image-1815\"\/><\/figure>\n\n\n\n<p><strong>La isla es rica en flora y fauna<\/strong>, pues es uno de los pocos lugares del planeta donde te puedes encontrar de cerca con&nbsp;<strong>delfines y ballenas<\/strong>, adem\u00e1s de ser un sitio ideal para el&nbsp;<strong>desove de tortugas<\/strong>, debemos procurar la preservaci\u00f3n del lugar, as\u00ed que no dejar objetos y basura para continuar disfrutando de este \u00fanico destino.<\/p>\n\n\n\n<p id=\"block-85896191-5e76-42de-a681-9af2e25aa410\">Prep\u00e1rate para vivir esta aventura y diversi\u00f3n con las diferentes actividades de estos incre\u00edbles destinos, <strong>\u00a1\u00a1No te lo puedes perder!!<\/strong><\/p>\n\n\n\n<figure class=\"wp-block-image alignfull size-full\"><a href=\"https:\/\/holamexicotours.com\/index.php\/reserva-tu-viaje-con-la-agencia-de-viaje-de-tu-preferencia\/\"><img loading=\"lazy\" decoding=\"async\" width=\"687\" height=\"367\" src=\"https:\/\/holamexicotours.com\/wp-content\/uploads\/2024\/08\/RESERVA-TU-VIAJE-AQUI.jpg\" alt=\"\" class=\"wp-image-1942\"\/><\/a><\/figure>\n","protected":false},"excerpt":{"rendered":"<p>Poco conocida, Punta P\u00e9rula en la Costa Alegre de Jalisco, ofrece todas las maravillas con playas hermosas semi v\u00edrgenes. Con restaurantes totalmente caseros, contacto total con la naturaleza y playas&hellip; <\/p>\n","protected":false},"author":2,"featured_media":4299,"parent":0,"menu_order":0,"comment_status":"closed","ping_status":"closed","template":"","meta":{"footnotes":""},"class_list":["post-1811","page","type-page","status-publish","has-post-thumbnail","hentry"],"yoast_head":"<!-- This site is optimized with the Yoast SEO plugin v23.3 - https:\/\/yoast.com\/wordpress\/plugins\/seo\/ -->\n<title>PLAYA PUNTA PERULA E ISLA COCINAS - HOLA MEXICO TOURS<\/title>\n<meta name=\"robots\" content=\"index, follow, max-snippet:-1, max-image-preview:large, max-video-preview:-1\" \/>\n<link rel=\"canonical\" href=\"https:\/\/holamexicotours.com\/index.php\/playa-punta-perula-e-isla-cocinas\/\" \/>\n<meta property=\"og:locale\" content=\"es_MX\" \/>\n<meta property=\"og:type\" content=\"article\" \/>\n<meta property=\"og:title\" content=\"PLAYA PUNTA PERULA E ISLA COCINAS - HOLA MEXICO TOURS\" \/>\n<meta property=\"og:description\" content=\"Poco conocida, Punta P\u00e9rula en la Costa Alegre de Jalisco, ofrece todas las maravillas con playas hermosas semi v\u00edrgenes. Con restaurantes totalmente caseros, contacto total con la naturaleza y playas&hellip;\" \/>\n<meta property=\"og:url\" content=\"https:\/\/holamexicotours.com\/index.php\/playa-punta-perula-e-isla-cocinas\/\" \/>\n<meta property=\"og:site_name\" content=\"HOLA MEXICO TOURS\" \/>\n<meta property=\"article:modified_time\" content=\"2025-12-30T18:35:39+00:00\" \/>\n<meta property=\"og:image\" content=\"https:\/\/holamexicotours.com\/wp-content\/uploads\/2025\/10\/images-1-1.jpeg\" \/>\n\t<meta property=\"og:image:width\" content=\"554\" \/>\n\t<meta property=\"og:image:height\" content=\"554\" \/>\n\t<meta property=\"og:image:type\" content=\"image\/jpeg\" \/>\n<meta name=\"twitter:card\" content=\"summary_large_image\" \/>\n<meta name=\"twitter:label1\" content=\"Tiempo de lectura\" \/>\n\t<meta name=\"twitter:data1\" content=\"4 minutos\" \/>\n<script type=\"application\/ld+json\" class=\"yoast-schema-graph\">{\"@context\":\"https:\/\/schema.org\",\"@graph\":[{\"@type\":\"WebPage\",\"@id\":\"https:\/\/holamexicotours.com\/index.php\/playa-punta-perula-e-isla-cocinas\/\",\"url\":\"https:\/\/holamexicotours.com\/index.php\/playa-punta-perula-e-isla-cocinas\/\",\"name\":\"PLAYA PUNTA PERULA E ISLA COCINAS - HOLA MEXICO TOURS\",\"isPartOf\":{\"@id\":\"https:\/\/holamexicotours.com\/#website\"},\"primaryImageOfPage\":{\"@id\":\"https:\/\/holamexicotours.com\/index.php\/playa-punta-perula-e-isla-cocinas\/#primaryimage\"},\"image\":{\"@id\":\"https:\/\/holamexicotours.com\/index.php\/playa-punta-perula-e-isla-cocinas\/#primaryimage\"},\"thumbnailUrl\":\"https:\/\/holamexicotours.com\/wp-content\/uploads\/2025\/10\/images-1-1.jpeg\",\"datePublished\":\"2024-07-26T21:08:40+00:00\",\"dateModified\":\"2025-12-30T18:35:39+00:00\",\"breadcrumb\":{\"@id\":\"https:\/\/holamexicotours.com\/index.php\/playa-punta-perula-e-isla-cocinas\/#breadcrumb\"},\"inLanguage\":\"es\",\"potentialAction\":[{\"@type\":\"ReadAction\",\"target\":[\"https:\/\/holamexicotours.com\/index.php\/playa-punta-perula-e-isla-cocinas\/\"]}]},{\"@type\":\"ImageObject\",\"inLanguage\":\"es\",\"@id\":\"https:\/\/holamexicotours.com\/index.php\/playa-punta-perula-e-isla-cocinas\/#primaryimage\",\"url\":\"https:\/\/holamexicotours.com\/wp-content\/uploads\/2025\/10\/images-1-1.jpeg\",\"contentUrl\":\"https:\/\/holamexicotours.com\/wp-content\/uploads\/2025\/10\/images-1-1.jpeg\",\"width\":554,\"height\":554},{\"@type\":\"BreadcrumbList\",\"@id\":\"https:\/\/holamexicotours.com\/index.php\/playa-punta-perula-e-isla-cocinas\/#breadcrumb\",\"itemListElement\":[{\"@type\":\"ListItem\",\"position\":1,\"name\":\"Home\",\"item\":\"https:\/\/holamexicotours.com\/\"},{\"@type\":\"ListItem\",\"position\":2,\"name\":\"PLAYA PUNTA PERULA E ISLA COCINAS\"}]},{\"@type\":\"WebSite\",\"@id\":\"https:\/\/holamexicotours.com\/#website\",\"url\":\"https:\/\/holamexicotours.com\/\",\"name\":\"https:\/\/holamexicotours.com\/\",\"description\":\"A trav\u00e9z de tus ojos, VIVE M\u00c9XICO.\",\"publisher\":{\"@id\":\"https:\/\/holamexicotours.com\/#\/schema\/person\/03a3eec8d68d2f43733875f848656cc2\"},\"potentialAction\":[{\"@type\":\"SearchAction\",\"target\":{\"@type\":\"EntryPoint\",\"urlTemplate\":\"https:\/\/holamexicotours.com\/?s={search_term_string}\"},\"query-input\":\"required name=search_term_string\"}],\"inLanguage\":\"es\"},{\"@type\":[\"Person\",\"Organization\"],\"@id\":\"https:\/\/holamexicotours.com\/#\/schema\/person\/03a3eec8d68d2f43733875f848656cc2\",\"name\":\"holamexicotours\",\"image\":{\"@type\":\"ImageObject\",\"inLanguage\":\"es\",\"@id\":\"https:\/\/holamexicotours.com\/#\/schema\/person\/image\/\",\"url\":\"https:\/\/holamexicotours.com\/wp-content\/uploads\/2025\/04\/cropped-LOGO-FINAL.png\",\"contentUrl\":\"https:\/\/holamexicotours.com\/wp-content\/uploads\/2025\/04\/cropped-LOGO-FINAL.png\",\"width\":1182,\"height\":778,\"caption\":\"holamexicotours\"},\"logo\":{\"@id\":\"https:\/\/holamexicotours.com\/#\/schema\/person\/image\/\"}}]}<\/script>\n<!-- \/ Yoast SEO plugin. -->","yoast_head_json":{"title":"PLAYA PUNTA PERULA E ISLA COCINAS - HOLA MEXICO TOURS","robots":{"index":"index","follow":"follow","max-snippet":"max-snippet:-1","max-image-preview":"max-image-preview:large","max-video-preview":"max-video-preview:-1"},"canonical":"https:\/\/holamexicotours.com\/index.php\/playa-punta-perula-e-isla-cocinas\/","og_locale":"es_MX","og_type":"article","og_title":"PLAYA PUNTA PERULA E ISLA COCINAS - HOLA MEXICO TOURS","og_description":"Poco conocida, Punta P\u00e9rula en la Costa Alegre de Jalisco, ofrece todas las maravillas con playas hermosas semi v\u00edrgenes. Con restaurantes totalmente caseros, contacto total con la naturaleza y playas&hellip;","og_url":"https:\/\/holamexicotours.com\/index.php\/playa-punta-perula-e-isla-cocinas\/","og_site_name":"HOLA MEXICO TOURS","article_modified_time":"2025-12-30T18:35:39+00:00","og_image":[{"width":554,"height":554,"url":"https:\/\/holamexicotours.com\/wp-content\/uploads\/2025\/10\/images-1-1.jpeg","type":"image\/jpeg"}],"twitter_card":"summary_large_image","twitter_misc":{"Tiempo de lectura":"4 minutos"},"schema":{"@context":"https:\/\/schema.org","@graph":[{"@type":"WebPage","@id":"https:\/\/holamexicotours.com\/index.php\/playa-punta-perula-e-isla-cocinas\/","url":"https:\/\/holamexicotours.com\/index.php\/playa-punta-perula-e-isla-cocinas\/","name":"PLAYA PUNTA PERULA E ISLA COCINAS - HOLA MEXICO TOURS","isPartOf":{"@id":"https:\/\/holamexicotours.com\/#website"},"primaryImageOfPage":{"@id":"https:\/\/holamexicotours.com\/index.php\/playa-punta-perula-e-isla-cocinas\/#primaryimage"},"image":{"@id":"https:\/\/holamexicotours.com\/index.php\/playa-punta-perula-e-isla-cocinas\/#primaryimage"},"thumbnailUrl":"https:\/\/holamexicotours.com\/wp-content\/uploads\/2025\/10\/images-1-1.jpeg","datePublished":"2024-07-26T21:08:40+00:00","dateModified":"2025-12-30T18:35:39+00:00","breadcrumb":{"@id":"https:\/\/holamexicotours.com\/index.php\/playa-punta-perula-e-isla-cocinas\/#breadcrumb"},"inLanguage":"es","potentialAction":[{"@type":"ReadAction","target":["https:\/\/holamexicotours.com\/index.php\/playa-punta-perula-e-isla-cocinas\/"]}]},{"@type":"ImageObject","inLanguage":"es","@id":"https:\/\/holamexicotours.com\/index.php\/playa-punta-perula-e-isla-cocinas\/#primaryimage","url":"https:\/\/holamexicotours.com\/wp-content\/uploads\/2025\/10\/images-1-1.jpeg","contentUrl":"https:\/\/holamexicotours.com\/wp-content\/uploads\/2025\/10\/images-1-1.jpeg","width":554,"height":554},{"@type":"BreadcrumbList","@id":"https:\/\/holamexicotours.com\/index.php\/playa-punta-perula-e-isla-cocinas\/#breadcrumb","itemListElement":[{"@type":"ListItem","position":1,"name":"Home","item":"https:\/\/holamexicotours.com\/"},{"@type":"ListItem","position":2,"name":"PLAYA PUNTA PERULA E ISLA COCINAS"}]},{"@type":"WebSite","@id":"https:\/\/holamexicotours.com\/#website","url":"https:\/\/holamexicotours.com\/","name":"https:\/\/holamexicotours.com\/","description":"A trav\u00e9z de tus ojos, VIVE M\u00c9XICO.","publisher":{"@id":"https:\/\/holamexicotours.com\/#\/schema\/person\/03a3eec8d68d2f43733875f848656cc2"},"potentialAction":[{"@type":"SearchAction","target":{"@type":"EntryPoint","urlTemplate":"https:\/\/holamexicotours.com\/?s={search_term_string}"},"query-input":"required name=search_term_string"}],"inLanguage":"es"},{"@type":["Person","Organization"],"@id":"https:\/\/holamexicotours.com\/#\/schema\/person\/03a3eec8d68d2f43733875f848656cc2","name":"holamexicotours","image":{"@type":"ImageObject","inLanguage":"es","@id":"https:\/\/holamexicotours.com\/#\/schema\/person\/image\/","url":"https:\/\/holamexicotours.com\/wp-content\/uploads\/2025\/04\/cropped-LOGO-FINAL.png","contentUrl":"https:\/\/holamexicotours.com\/wp-content\/uploads\/2025\/04\/cropped-LOGO-FINAL.png","width":1182,"height":778,"caption":"holamexicotours"},"logo":{"@id":"https:\/\/holamexicotours.com\/#\/schema\/person\/image\/"}}]}},"_links":{"self":[{"href":"https:\/\/holamexicotours.com\/index.php\/wp-json\/wp\/v2\/pages\/1811","targetHints":{"allow":["GET"]}}],"collection":[{"href":"https:\/\/holamexicotours.com\/index.php\/wp-json\/wp\/v2\/pages"}],"about":[{"href":"https:\/\/holamexicotours.com\/index.php\/wp-json\/wp\/v2\/types\/page"}],"author":[{"embeddable":true,"href":"https:\/\/holamexicotours.com\/index.php\/wp-json\/wp\/v2\/users\/2"}],"replies":[{"embeddable":true,"href":"https:\/\/holamexicotours.com\/index.php\/wp-json\/wp\/v2\/comments?post=1811"}],"version-history":[{"count":13,"href":"https:\/\/holamexicotours.com\/index.php\/wp-json\/wp\/v2\/pages\/1811\/revisions"}],"predecessor-version":[{"id":4906,"href":"https:\/\/holamexicotours.com\/index.php\/wp-json\/wp\/v2\/pages\/1811\/revisions\/4906"}],"wp:featuredmedia":[{"embeddable":true,"href":"https:\/\/holamexicotours.com\/index.php\/wp-json\/wp\/v2\/media\/4299"}],"wp:attachment":[{"href":"https:\/\/holamexicotours.com\/index.php\/wp-json\/wp\/v2\/media?parent=1811"}],"curies":[{"name":"wp","href":"https:\/\/api.w.org\/{rel}","templated":true}]}}